Last updated on 2025-11-02 03:51:49 CET.
| Flavor | Version | Tinstall | Tcheck | Ttotal | Status | Flags |
|---|---|---|---|---|---|---|
| r-devel-linux-x86_64-debian-clang | 0.3 | 11.89 | 120.06 | 131.95 | NOTE | |
| r-devel-linux-x86_64-debian-gcc | 0.5 | 9.11 | 89.67 | 98.78 | OK | |
| r-devel-linux-x86_64-fedora-clang | 0.5 | 24.00 | 190.02 | 214.02 | OK | |
| r-devel-linux-x86_64-fedora-gcc | 0.3 | 23.00 | 180.14 | 203.14 | OK | |
| r-devel-windows-x86_64 | 0.5 | 18.00 | 120.00 | 138.00 | OK | |
| r-patched-linux-x86_64 | 0.3 | 11.07 | 113.83 | 124.90 | NOTE | |
| r-release-linux-x86_64 | 0.3 | 11.25 | 110.46 | 121.71 | NOTE | |
| r-release-macos-arm64 | 0.5 | 6.00 | 59.00 | 65.00 | OK | |
| r-release-macos-x86_64 | 0.5 | 12.00 | 133.00 | 145.00 | OK | |
| r-release-windows-x86_64 | 0.5 | 15.00 | 116.00 | 131.00 | OK | |
| r-oldrel-macos-arm64 | 0.5 | 6.00 | 62.00 | 68.00 | OK | |
| r-oldrel-macos-x86_64 | 0.5 | 15.00 | 131.00 | 146.00 | OK | |
| r-oldrel-windows-x86_64 | 0.5 | 20.00 | 160.00 | 180.00 | OK |
Version: 0.3
Check: Rd cross-references
Result: NOTE
Found the following Rd file(s) with Rd \link{} targets missing package
anchors:
pp_measures.Rd: diversity
Please provide package anchors for all Rd \link{} targets not in the
package itself and the base packages.
Flavors: r-devel-linux-x86_64-debian-clang, r-patched-linux-x86_64, r-release-linux-x86_64