CRAN Package Check Results for Package PolicyPortfolios

Last updated on 2025-04-30 04:50:14 CEST.

Flavor Version Tinstall Tcheck Ttotal Status Flags
r-devel-linux-x86_64-debian-clang 0.3 11.72 105.21 116.93 NOTE
r-devel-linux-x86_64-debian-gcc 0.3 7.49 76.38 83.87 NOTE
r-devel-linux-x86_64-fedora-clang 0.3 169.32 OK
r-devel-linux-x86_64-fedora-gcc 0.3 172.73 OK
r-devel-windows-x86_64 0.3 13.00 108.00 121.00 NOTE
r-patched-linux-x86_64 0.3 9.64 99.27 108.91 NOTE
r-release-linux-x86_64 0.3 9.19 98.61 107.80 NOTE
r-release-macos-arm64 0.3 53.00 OK
r-release-macos-x86_64 0.3 100.00 OK
r-release-windows-x86_64 0.3 12.00 108.00 120.00 NOTE
r-oldrel-macos-arm64 0.3 51.00 OK
r-oldrel-macos-x86_64 0.3 84.00 OK
r-oldrel-windows-x86_64 0.3 15.00 142.00 157.00 OK

Check Details

Version: 0.3
Check: Rd cross-references
Result: NOTE Found the following Rd file(s) with Rd \link{} targets missing package anchors: pp_measures.Rd: diversity Please provide package anchors for all Rd \link{} targets not in the package itself and the base packages. Flavors: r-devel-linux-x86_64-debian-clang, r-devel-linux-x86_64-debian-gcc, r-devel-windows-x86_64, r-patched-linux-x86_64, r-release-linux-x86_64, r-release-windows-x86_64