Last updated on 2025-04-30 04:50:14 CEST.
Flavor | Version | Tinstall | Tcheck | Ttotal | Status | Flags |
---|---|---|---|---|---|---|
r-devel-linux-x86_64-debian-clang | 0.7.0 | 22.20 | 381.94 | 404.14 | NOTE | |
r-devel-linux-x86_64-debian-gcc | 0.7.0 | 14.79 | 229.37 | 244.16 | OK | |
r-devel-linux-x86_64-fedora-clang | 0.7.0 | 623.52 | OK | |||
r-devel-linux-x86_64-fedora-gcc | 0.7.0 | 601.13 | OK | |||
r-devel-windows-x86_64 | 0.7.0 | 22.00 | 344.00 | 366.00 | OK | |
r-patched-linux-x86_64 | 0.7.0 | 27.09 | 356.17 | 383.26 | OK | |
r-release-linux-x86_64 | 0.7.0 | 22.05 | 355.81 | 377.86 | OK | |
r-release-macos-arm64 | 0.7.0 | 142.00 | OK | |||
r-release-macos-x86_64 | 0.7.0 | 376.00 | OK | |||
r-release-windows-x86_64 | 0.7.0 | 24.00 | 372.00 | 396.00 | OK | |
r-oldrel-macos-arm64 | 0.7.0 | 146.00 | OK | |||
r-oldrel-macos-x86_64 | 0.7.0 | 262.00 | OK | |||
r-oldrel-windows-x86_64 | 0.7.0 | 30.00 | 488.00 | 518.00 | OK |
Version: 0.7.0
Check: examples
Result: NOTE
Examples with CPU (user + system) or elapsed time > 5s
user system elapsed
plot_model_prediction 3.215 0.04 5.228
Flavor: r-devel-linux-x86_64-debian-clang