Last updated on 2025-04-30 04:50:14 CEST.
Flavor | Version | Tinstall | Tcheck | Ttotal | Status | Flags |
---|---|---|---|---|---|---|
r-devel-linux-x86_64-debian-clang | 1.13 | 10.51 | 123.89 | 134.40 | NOTE | |
r-devel-linux-x86_64-debian-gcc | 1.13 | 7.54 | 84.45 | 91.99 | NOTE | |
r-devel-linux-x86_64-fedora-clang | 1.13 | 207.53 | OK | |||
r-devel-linux-x86_64-fedora-gcc | 1.13 | 197.90 | OK | |||
r-devel-windows-x86_64 | 1.13 | 13.00 | 118.00 | 131.00 | OK | |
r-patched-linux-x86_64 | 1.13 | 11.40 | 117.79 | 129.19 | OK | |
r-release-linux-x86_64 | 1.13 | 9.48 | 117.06 | 126.54 | OK | |
r-release-macos-arm64 | 1.13 | 54.00 | OK | |||
r-release-macos-x86_64 | 1.13 | 121.00 | OK | |||
r-release-windows-x86_64 | 1.13 | 14.00 | 119.00 | 133.00 | OK | |
r-oldrel-macos-arm64 | 1.13 | 59.00 | OK | |||
r-oldrel-macos-x86_64 | 1.13 | 150.00 | OK | |||
r-oldrel-windows-x86_64 | 1.13 | 17.00 | 159.00 | 176.00 | OK |
Version: 1.13
Check: examples
Result: NOTE
Examples with CPU (user + system) or elapsed time > 5s
user system elapsed
pairnorm 10.033 0.019 13.167
pairmult 7.589 0.000 10.288
pairmultNum 7.368 0.000 9.223
pairbeta4 7.203 0.043 8.429
pairbeta4Num 5.819 0.005 8.191
pairnormNum 4.426 0.004 6.066
other 4.345 0.031 5.696
Flavor: r-devel-linux-x86_64-debian-clang
Version: 1.13
Check: examples
Result: NOTE
Examples with CPU (user + system) or elapsed time > 5s
user system elapsed
pairnorm 5.953 0.012 8.257
pairmult 5.175 0.012 7.751
pairbeta4 4.989 0.164 6.844
pairmultNum 4.689 0.074 6.088
pairbeta4Num 4.208 0.008 5.965
Flavor: r-devel-linux-x86_64-debian-gcc