Last updated on 2025-07-05 04:50:22 CEST.
Flavor | Version | Tinstall | Tcheck | Ttotal | Status | Flags |
---|---|---|---|---|---|---|
r-devel-linux-x86_64-debian-clang | 2.0 | 2.80 | 35.08 | 37.88 | NOTE | |
r-devel-linux-x86_64-debian-gcc | 2.0 | 2.00 | 27.95 | 29.95 | NOTE | |
r-devel-linux-x86_64-fedora-clang | 2.0 | 55.27 | NOTE | |||
r-devel-linux-x86_64-fedora-gcc | 2.0 | 66.42 | NOTE | |||
r-devel-windows-x86_64 | 2.0 | 3.00 | 55.00 | 58.00 | NOTE | |
r-patched-linux-x86_64 | 2.0 | 2.78 | 32.74 | 35.52 | NOTE | |
r-release-linux-x86_64 | 2.0 | 2.47 | 32.67 | 35.14 | NOTE | |
r-release-macos-arm64 | 2.0 | 28.00 | NOTE | |||
r-release-macos-x86_64 | 2.0 | 51.00 | NOTE | |||
r-release-windows-x86_64 | 2.0 | 3.00 | 54.00 | 57.00 | NOTE | |
r-oldrel-macos-arm64 | 2.0 | 27.00 | NOTE | |||
r-oldrel-macos-x86_64 | 2.0 | 41.00 | NOTE | |||
r-oldrel-windows-x86_64 | 2.0 | 5.00 | 68.00 | 73.00 | NOTE |
Version: 2.0
Check: Rd files
Result: NOTE
checkRd: (-1) findbeta.Rd:20: Lost braces; missing escapes or markup?
20 | \item{lower.v}{logical, if TRUE the specified percentile.value is the upper limit for the mean (or the median or the mode) at the specified confidence level (percentile). If {FALSE} the specified percentile.value is the lower limit for the mean (or the median or the mode) at the specified confidence level (percentile). The default is FALSE.}
| ^
Flavors: r-devel-linux-x86_64-debian-clang, r-devel-linux-x86_64-debian-gcc, r-devel-linux-x86_64-fedora-clang, r-devel-linux-x86_64-fedora-gcc, r-devel-windows-x86_64, r-patched-linux-x86_64, r-release-linux-x86_64, r-release-macos-arm64, r-release-macos-x86_64, r-release-windows-x86_64, r-oldrel-macos-arm64, r-oldrel-macos-x86_64, r-oldrel-windows-x86_64