Last updated on 2025-04-30 04:50:15 CEST.
Flavor | Version | Tinstall | Tcheck | Ttotal | Status | Flags |
---|---|---|---|---|---|---|
r-devel-linux-x86_64-debian-clang | 0.3.2 | 27.43 | 77.38 | 104.81 | NOTE | |
r-devel-linux-x86_64-debian-gcc | 0.3.2 | 20.32 | 56.01 | 76.33 | NOTE | |
r-devel-linux-x86_64-fedora-clang | 0.3.2 | 166.69 | NOTE | |||
r-devel-linux-x86_64-fedora-gcc | 0.3.2 | 164.64 | NOTE | |||
r-devel-windows-x86_64 | 0.3.2 | 33.00 | 111.00 | 144.00 | NOTE | |
r-patched-linux-x86_64 | 0.3.2 | 31.58 | 73.48 | 105.06 | NOTE | |
r-release-linux-x86_64 | 0.3.2 | 29.33 | 72.50 | 101.83 | NOTE | |
r-release-macos-arm64 | 0.3.2 | 48.00 | NOTE | |||
r-release-macos-x86_64 | 0.3.2 | 82.00 | NOTE | |||
r-release-windows-x86_64 | 0.3.2 | 35.00 | 110.00 | 145.00 | NOTE | |
r-oldrel-macos-arm64 | 0.3.2 | 48.00 | NOTE | |||
r-oldrel-macos-x86_64 | 0.3.2 | 67.00 | NOTE | |||
r-oldrel-windows-x86_64 | 0.3.2 | 38.00 | 129.00 | 167.00 | NOTE |
Version: 0.3.2
Check: Rd files
Result: NOTE
checkRd: (-1) proc.Rd:27: Lost braces in \itemize; meant \describe ?
checkRd: (-1) proc.Rd:28: Lost braces in \itemize; meant \describe ?
Flavors: r-devel-linux-x86_64-debian-clang, r-devel-linux-x86_64-debian-gcc, r-devel-linux-x86_64-fedora-clang, r-devel-linux-x86_64-fedora-gcc, r-devel-windows-x86_64, r-patched-linux-x86_64, r-release-linux-x86_64, r-release-macos-arm64, r-release-macos-x86_64, r-release-windows-x86_64, r-oldrel-macos-arm64, r-oldrel-macos-x86_64, r-oldrel-windows-x86_64