Last updated on 2025-04-30 04:50:15 CEST.
Flavor | Version | Tinstall | Tcheck | Ttotal | Status | Flags |
---|---|---|---|---|---|---|
r-devel-linux-x86_64-debian-clang | 0.1.1 | 12.53 | 116.85 | 129.38 | NOTE | |
r-devel-linux-x86_64-debian-gcc | 0.1.1 | 7.44 | 80.06 | 87.50 | OK | |
r-devel-linux-x86_64-fedora-clang | 0.1.1 | 218.99 | OK | |||
r-devel-linux-x86_64-fedora-gcc | 0.1.1 | 203.66 | OK | |||
r-devel-windows-x86_64 | 0.1.1 | 13.00 | 113.00 | 126.00 | OK | |
r-patched-linux-x86_64 | 0.1.1 | 10.93 | 109.15 | 120.08 | OK | |
r-release-linux-x86_64 | 0.1.1 | 11.18 | 108.46 | 119.64 | OK | |
r-release-macos-arm64 | 0.1.1 | 58.00 | OK | |||
r-release-macos-x86_64 | 0.1.1 | 135.00 | OK | |||
r-release-windows-x86_64 | 0.1.1 | 13.00 | 112.00 | 125.00 | OK | |
r-oldrel-macos-arm64 | 0.1.1 | 77.00 | OK | |||
r-oldrel-macos-x86_64 | 0.1.1 | 122.00 | OK | |||
r-oldrel-windows-x86_64 | 0.1.1 | 16.00 | 144.00 | 160.00 | OK |
Version: 0.1.1
Check: examples
Result: NOTE
Examples with CPU (user + system) or elapsed time > 5s
user system elapsed
lasso_fista_back 6.367 0.036 7.514
lasso_ista_back 5.492 0.066 7.535
inpainting 3.815 0.068 5.250
Flavor: r-devel-linux-x86_64-debian-clang