Last updated on 2025-04-30 04:50:15 CEST.
Flavor | Version | Tinstall | Tcheck | Ttotal | Status | Flags |
---|---|---|---|---|---|---|
r-devel-linux-x86_64-debian-clang | 0.3.1 | 3.53 | 41.53 | 45.06 | NOTE | |
r-devel-linux-x86_64-debian-gcc | 0.3.1 | 3.24 | 30.24 | 33.48 | OK | |
r-devel-linux-x86_64-fedora-clang | 0.3.1 | 76.78 | OK | |||
r-devel-linux-x86_64-fedora-gcc | 0.3.1 | 71.31 | OK | |||
r-devel-windows-x86_64 | 0.3.1 | 7.00 | 63.00 | 70.00 | OK | |
r-patched-linux-x86_64 | 0.3.1 | 4.83 | 39.89 | 44.72 | OK | |
r-release-linux-x86_64 | 0.3.1 | 3.83 | 39.71 | 43.54 | OK | |
r-release-macos-arm64 | 0.3.1 | 43.00 | OK | |||
r-release-macos-x86_64 | 0.3.1 | 51.00 | OK | |||
r-release-windows-x86_64 | 0.3.1 | 7.00 | 64.00 | 71.00 | OK | |
r-oldrel-macos-arm64 | 0.3.1 | 56.00 | OK | |||
r-oldrel-macos-x86_64 | 0.3.1 | 64.00 | OK | |||
r-oldrel-windows-x86_64 | 0.3.1 | 7.00 | 74.00 | 81.00 | OK |
Version: 0.3.1
Check: examples
Result: NOTE
Examples with CPU (user + system) or elapsed time > 5s
user system elapsed
get_data_region_OC 4.151 0.128 5.980
get_data_RENDIS 3.351 0.079 6.404
Flavor: r-devel-linux-x86_64-debian-clang