Last updated on 2025-02-21 03:52:23 CET.
Flavor | Version | Tinstall | Tcheck | Ttotal | Status | Flags |
---|---|---|---|---|---|---|
r-devel-linux-x86_64-debian-clang | 1.0.1 | 1.80 | 19.95 | 21.75 | NOTE | |
r-devel-linux-x86_64-debian-gcc | 1.0.1 | 1.13 | 16.30 | 17.43 | NOTE | |
r-devel-linux-x86_64-fedora-clang | 1.0.1 | 34.27 | NOTE | |||
r-devel-linux-x86_64-fedora-gcc | 1.0.1 | 33.39 | NOTE | |||
r-devel-macos-arm64 | 1.0.1 | 17.00 | OK | |||
r-devel-macos-x86_64 | 1.0.1 | 26.00 | NOTE | |||
r-devel-windows-x86_64 | 1.0.1 | 3.00 | 50.00 | 53.00 | NOTE | |
r-patched-linux-x86_64 | 1.0.1 | 1.83 | 18.91 | 20.74 | OK | |
r-release-linux-x86_64 | 1.0.1 | 1.65 | 18.87 | 20.52 | OK | |
r-release-macos-arm64 | 1.0.1 | 16.00 | OK | |||
r-release-macos-x86_64 | 1.0.1 | 26.00 | OK | |||
r-release-windows-x86_64 | 1.0.1 | 3.00 | 40.00 | 43.00 | OK | |
r-oldrel-macos-arm64 | 1.0.1 | 21.00 | OK | |||
r-oldrel-macos-x86_64 | 1.0.1 | 27.00 | OK | |||
r-oldrel-windows-x86_64 | 1.0.1 | 4.00 | 41.00 | 45.00 | OK |
Version: 1.0.1
Check: DESCRIPTION meta-information
Result: NOTE
Missing dependency on R >= 4.1.0 because package code uses the pipe
|> or function shorthand \(...) syntax added in R 4.1.0.
File(s) using such syntax:
‘check_api_key.R’ ‘get_organization_data.R’ ‘get_sensor_data.R’
‘get_sensor_history.R’ ‘get_sensors_data.R’ ‘purple_air_request.R’
Flavors: r-devel-linux-x86_64-debian-clang, r-devel-linux-x86_64-debian-gcc, r-devel-linux-x86_64-fedora-clang, r-devel-linux-x86_64-fedora-gcc, r-devel-macos-x86_64, r-devel-windows-x86_64