Last updated on 2025-04-30 04:50:15 CEST.
Flavor | Version | Tinstall | Tcheck | Ttotal | Status | Flags |
---|---|---|---|---|---|---|
r-devel-linux-x86_64-debian-clang | 0.2.2 | 13.66 | 205.35 | 219.01 | NOTE | |
r-devel-linux-x86_64-debian-gcc | 0.2.2 | 7.38 | 133.42 | 140.80 | NOTE | |
r-devel-linux-x86_64-fedora-clang | 0.2.2 | 328.75 | OK | |||
r-devel-linux-x86_64-fedora-gcc | 0.2.2 | 326.01 | OK | |||
r-devel-windows-x86_64 | 0.2.2 | 14.00 | 206.00 | 220.00 | OK | |
r-patched-linux-x86_64 | 0.2.2 | 12.86 | 193.81 | 206.67 | OK | |
r-release-linux-x86_64 | 0.2.2 | 13.18 | 192.84 | 206.02 | OK | |
r-release-macos-arm64 | 0.2.2 | 101.00 | OK | |||
r-release-macos-x86_64 | 0.2.2 | 144.00 | OK | |||
r-release-windows-x86_64 | 0.2.2 | 15.00 | 200.00 | 215.00 | OK | |
r-oldrel-macos-arm64 | 0.2.2 | 91.00 | OK | |||
r-oldrel-macos-x86_64 | 0.2.2 | 177.00 | OK | |||
r-oldrel-windows-x86_64 | 0.2.2 | 19.00 | 267.00 | 286.00 | OK |
Version: 0.2.2
Check: examples
Result: NOTE
Examples with CPU (user + system) or elapsed time > 5s
user system elapsed
generate_plate_report 7.603 0.233 9.611
generate_levey_jennings_report 6.829 0.272 8.400
plot_levey_jennings 6.286 0.012 8.216
plot_standard_curve_stacked 6.255 0.031 8.336
Flavor: r-devel-linux-x86_64-debian-clang
Version: 0.2.2
Check: examples
Result: NOTE
Examples with CPU (user + system) or elapsed time > 5s
user system elapsed
generate_plate_report 4.898 0.111 6.904
generate_levey_jennings_report 4.408 0.328 6.954
Flavor: r-devel-linux-x86_64-debian-gcc