Last updated on 2025-04-30 04:50:15 CEST.
Flavor | Version | Tinstall | Tcheck | Ttotal | Status | Flags |
---|---|---|---|---|---|---|
r-devel-linux-x86_64-debian-clang | 1.2.1 | 202.36 | 87.76 | 290.12 | OK | |
r-devel-linux-x86_64-debian-gcc | 1.2.1 | 193.21 | 61.13 | 254.34 | OK | |
r-devel-linux-x86_64-fedora-clang | 1.2.1 | 433.98 | OK | |||
r-devel-linux-x86_64-fedora-gcc | 1.2.1 | 614.38 | OK | |||
r-devel-windows-x86_64 | 1.2.1 | 207.00 | 141.00 | 348.00 | OK | |
r-patched-linux-x86_64 | 1.2.1 | 238.86 | 84.64 | 323.50 | OK | |
r-release-linux-x86_64 | 1.2.1 | 241.85 | 83.46 | 325.31 | OK | |
r-release-macos-arm64 | 1.2.1 | 132.00 | OK | |||
r-release-macos-x86_64 | 1.2.1 | 215.00 | OK | |||
r-release-windows-x86_64 | 1.2.1 | 206.00 | 141.00 | 347.00 | OK | |
r-oldrel-macos-arm64 | 1.2.1 | 147.00 | NOTE | |||
r-oldrel-macos-x86_64 | 1.2.1 | 259.00 | NOTE | |||
r-oldrel-windows-x86_64 | 1.2.1 | 246.00 | 179.00 | 425.00 | NOTE |
Version: 1.2.1
Check: installed package size
Result: NOTE
installed size is 114.6Mb
sub-directories of 1Mb or more:
libs 113.8Mb
Flavors: r-oldrel-macos-arm64, r-oldrel-macos-x86_64, r-oldrel-windows-x86_64