Last updated on 2025-04-30 04:50:15 CEST.
Flavor | Version | Tinstall | Tcheck | Ttotal | Status | Flags |
---|---|---|---|---|---|---|
r-devel-linux-x86_64-debian-clang | 1.1.0 | 8.64 | 91.03 | 99.67 | NOTE | |
r-devel-linux-x86_64-debian-gcc | 1.1.0 | 6.81 | 62.80 | 69.61 | OK | |
r-devel-linux-x86_64-fedora-clang | 1.1.0 | 156.04 | OK | |||
r-devel-linux-x86_64-fedora-gcc | 1.1.0 | 151.77 | OK | |||
r-devel-windows-x86_64 | 1.1.0 | 9.00 | 102.00 | 111.00 | OK | |
r-patched-linux-x86_64 | 1.1.0 | 8.96 | 86.06 | 95.02 | OK | |
r-release-linux-x86_64 | 1.1.0 | 8.62 | 86.62 | 95.24 | OK | |
r-release-macos-arm64 | 1.1.0 | 45.00 | OK | |||
r-release-macos-x86_64 | 1.1.0 | 107.00 | OK | |||
r-release-windows-x86_64 | 1.1.0 | 10.00 | 105.00 | 115.00 | OK | |
r-oldrel-macos-arm64 | 1.1.0 | 44.00 | OK | |||
r-oldrel-macos-x86_64 | 1.1.0 | 111.00 | OK | |||
r-oldrel-windows-x86_64 | 1.1.0 | 11.00 | 129.00 | 140.00 | OK |
Version: 1.1.0
Check: examples
Result: NOTE
Examples with CPU (user + system) or elapsed time > 5s
user system elapsed
rdq.bandwidth 4.749 0.011 5.934
cv.bandwidth 3.971 0.019 5.131
Flavor: r-devel-linux-x86_64-debian-clang