Last updated on 2025-04-30 04:50:15 CEST.
Flavor | Version | Tinstall | Tcheck | Ttotal | Status | Flags |
---|---|---|---|---|---|---|
r-devel-linux-x86_64-debian-clang | 3.4 | 33.64 | 120.84 | 154.48 | NOTE | |
r-devel-linux-x86_64-debian-gcc | 3.4 | 22.07 | 81.84 | 103.91 | NOTE | |
r-devel-linux-x86_64-fedora-clang | 3.4 | 245.02 | OK | |||
r-devel-linux-x86_64-fedora-gcc | 3.4 | 232.46 | OK | |||
r-devel-windows-x86_64 | 3.4 | 34.00 | 138.00 | 172.00 | OK | |
r-patched-linux-x86_64 | 3.4 | 29.36 | 116.27 | 145.63 | OK | |
r-release-linux-x86_64 | 3.4 | 30.35 | 114.98 | 145.33 | OK | |
r-release-macos-arm64 | 3.4 | 66.00 | OK | |||
r-release-macos-x86_64 | 3.4 | 127.00 | OK | |||
r-release-windows-x86_64 | 3.4 | 39.00 | 144.00 | 183.00 | OK | |
r-oldrel-macos-arm64 | 3.4 | 63.00 | OK | |||
r-oldrel-macos-x86_64 | 3.4 | 112.00 | OK | |||
r-oldrel-windows-x86_64 | 3.4 | 41.00 | 179.00 | 220.00 | OK |
Version: 3.4
Check: CRAN incoming feasibility
Result: NOTE
Maintainer: ‘Yuanming Zhang<soyzhang@mail.hzau.edu.cn>’
No Authors@R field in DESCRIPTION.
Please add one, modifying
Authors@R: c(person(given = "Zhou",
family = "Ya-Hui",
role = "aut"),
person(given = "Zhang",
family = "Ya-Wen",
role = "aut"),
person(given = "Wen",
family = "Yang-Jun",
role = "aut"),
person(given = "Wang",
family = "Shi-Bo",
role = "aut"),
person(given = "Zhang",
family = "Yuan-Ming",
role = "aut"),
person(given = "Yuanming",
family = "Zhang",
role = "cre",
email = "soyzhang@mail.hzau.edu.cn"))
as necessary.
Flavors: r-devel-linux-x86_64-debian-clang, r-devel-linux-x86_64-debian-gcc
Version: 3.4
Check: examples
Result: NOTE
Examples with CPU (user + system) or elapsed time > 5s
user system elapsed
WenS 6.142 0.085 7.369
QTL.gCIMapping 1.341 0.163 7.201
ZhouMethod 0.999 0.085 6.777
ZhouMethod_single_env 0.415 0.021 5.857
Flavor: r-devel-linux-x86_64-debian-clang
Version: 3.4
Check: examples
Result: NOTE
Examples with CPU (user + system) or elapsed time > 5s
user system elapsed
WenS 4.731 0.397 6.244
QTL.gCIMapping 1.036 0.360 5.633
Flavor: r-devel-linux-x86_64-debian-gcc