Last updated on 2025-04-30 04:50:15 CEST.
Flavor | Version | Tinstall | Tcheck | Ttotal | Status | Flags |
---|---|---|---|---|---|---|
r-devel-linux-x86_64-debian-clang | 1.1.3 | 46.39 | 225.62 | 272.01 | OK | |
r-devel-linux-x86_64-debian-gcc | 1.1.3 | 34.13 | 146.65 | 180.78 | OK | |
r-devel-linux-x86_64-fedora-clang | 1.1.3 | 420.05 | OK | |||
r-devel-linux-x86_64-fedora-gcc | 1.1.3 | 426.83 | OK | |||
r-devel-windows-x86_64 | 1.1.3 | 49.00 | 497.00 | 546.00 | OK | |
r-patched-linux-x86_64 | 1.1.3 | 47.81 | 209.52 | 257.33 | OK | |
r-release-linux-x86_64 | 1.1.3 | 48.86 | 211.03 | 259.89 | OK | |
r-release-macos-arm64 | 1.1.3 | 240.00 | OK | |||
r-release-macos-x86_64 | 1.1.3 | 351.00 | OK | |||
r-release-windows-x86_64 | 1.1.3 | 49.00 | 511.00 | 560.00 | OK | |
r-oldrel-macos-arm64 | 1.1.3 | 165.00 | NOTE | |||
r-oldrel-macos-x86_64 | 1.1.3 | 389.00 | NOTE | |||
r-oldrel-windows-x86_64 | 1.1.3 | 59.00 | 819.00 | 878.00 | OK |
Version: 1.1.3
Check: installed package size
Result: NOTE
installed size is 15.7Mb
sub-directories of 1Mb or more:
libs 13.9Mb
Flavors: r-oldrel-macos-arm64, r-oldrel-macos-x86_64