Last updated on 2025-11-04 03:51:03 CET.
| Flavor | Version | Tinstall | Tcheck | Ttotal | Status | Flags | 
|---|---|---|---|---|---|---|
| r-devel-linux-x86_64-debian-clang | 1.1.3 | 50.80 | 252.22 | 303.02 | OK | |
| r-devel-linux-x86_64-debian-gcc | 1.1.3 | 35.59 | 169.70 | 205.29 | OK | |
| r-devel-linux-x86_64-fedora-clang | 1.1.3 | 199.00 | 280.45 | 479.45 | OK | |
| r-devel-linux-x86_64-fedora-gcc | 1.1.3 | 116.00 | 365.74 | 481.74 | OK | |
| r-devel-windows-x86_64 | 1.1.3 | 51.00 | 534.00 | 585.00 | OK | |
| r-patched-linux-x86_64 | 1.1.3 | 48.13 | 237.09 | 285.22 | OK | |
| r-release-linux-x86_64 | 1.1.3 | 48.46 | 237.26 | 285.72 | OK | |
| r-release-macos-arm64 | 1.1.3 | 19.00 | 221.00 | 240.00 | OK | |
| r-release-macos-x86_64 | 1.1.3 | 43.00 | 308.00 | 351.00 | OK | |
| r-release-windows-x86_64 | 1.1.3 | 49.00 | 534.00 | 583.00 | OK | |
| r-oldrel-macos-arm64 | 1.1.3 | 17.00 | 148.00 | 165.00 | NOTE | |
| r-oldrel-macos-x86_64 | 1.1.3 | 35.00 | 354.00 | 389.00 | NOTE | |
| r-oldrel-windows-x86_64 | 1.1.3 | 64.00 | 863.00 | 927.00 | OK | 
Version: 1.1.3
Check: installed package size
Result: NOTE
    installed size is 15.7Mb
    sub-directories of 1Mb or more:
      libs  13.9Mb
Flavors: r-oldrel-macos-arm64, r-oldrel-macos-x86_64