Last updated on 2025-04-30 04:50:15 CEST.
Flavor | Version | Tinstall | Tcheck | Ttotal | Status | Flags |
---|---|---|---|---|---|---|
r-devel-linux-x86_64-debian-clang | 1.0.5 | 2.12 | 27.31 | 29.43 | NOTE | |
r-devel-linux-x86_64-debian-gcc | 1.0.5 | 1.51 | 20.65 | 22.16 | NOTE | |
r-devel-linux-x86_64-fedora-clang | 1.0.5 | 42.67 | OK | |||
r-devel-linux-x86_64-fedora-gcc | 1.0.5 | 52.94 | OK | |||
r-devel-windows-x86_64 | 1.0.5 | 3.00 | 46.00 | 49.00 | OK | |
r-patched-linux-x86_64 | 1.0.5 | 2.08 | 26.00 | 28.08 | OK | |
r-release-linux-x86_64 | 1.0.5 | 1.95 | 25.65 | 27.60 | OK | |
r-release-macos-arm64 | 1.0.5 | 24.00 | OK | |||
r-release-macos-x86_64 | 1.0.5 | 41.00 | OK | |||
r-release-windows-x86_64 | 1.0.5 | 4.00 | 44.00 | 48.00 | OK | |
r-oldrel-macos-arm64 | 1.0.5 | 23.00 | OK | |||
r-oldrel-macos-x86_64 | 1.0.5 | 32.00 | OK | |||
r-oldrel-windows-x86_64 | 1.0.5 | 4.00 | 50.00 | 54.00 | OK |
Version: 1.0.5
Check: CRAN incoming feasibility
Result: NOTE
Maintainer: ‘Teng Fei <tfei@emory.edu>’
No Authors@R field in DESCRIPTION.
Please add one, modifying
Authors@R: c(person(given = "Teng",
family = "Fei",
role = c("aut", "cre"),
email = "tfei@emory.edu"),
person(given = "Tianwei",
family = "Yu",
role = "aut"))
as necessary.
Flavors: r-devel-linux-x86_64-debian-clang, r-devel-linux-x86_64-debian-gcc