CRAN Package Check Results for Package R0

Last updated on 2025-04-30 04:50:15 CEST.

Flavor Version Tinstall Tcheck Ttotal Status Flags
r-devel-linux-x86_64-debian-clang 1.3-1 4.59 52.38 56.97 NOTE
r-devel-linux-x86_64-debian-gcc 1.3-1 2.86 37.31 40.17 NOTE
r-devel-linux-x86_64-fedora-clang 1.3-1 86.16 NOTE
r-devel-linux-x86_64-fedora-gcc 1.3-1 83.22 NOTE
r-devel-windows-x86_64 1.3-1 5.00 88.00 93.00 NOTE
r-patched-linux-x86_64 1.3-1 5.55 49.72 55.27 NOTE
r-release-linux-x86_64 1.3-1 3.39 50.08 53.47 NOTE
r-release-macos-arm64 1.3-1 30.00 NOTE
r-release-macos-x86_64 1.3-1 56.00 NOTE
r-release-windows-x86_64 1.3-1 6.00 83.00 89.00 NOTE
r-oldrel-macos-arm64 1.3-1 30.00 NOTE
r-oldrel-macos-x86_64 1.3-1 43.00 NOTE
r-oldrel-windows-x86_64 1.3-1 5.00 90.00 95.00 NOTE

Check Details

Version: 1.3-1
Check: CRAN incoming feasibility
Result: NOTE Maintainer: ‘Thomas Obadia <thomas.obadia@pasteur.fr>’ No Authors@R field in DESCRIPTION. Please add one, modifying Authors@R: c(person(given = "Pierre-Yves", family = "Boelle", role = "aut"), person(given = "Thomas", family = "Obadia", role = c("aut", "cre"), email = "thomas.obadia@pasteur.fr")) as necessary. Flavors: r-devel-linux-x86_64-debian-clang, r-devel-linux-x86_64-debian-gcc

Version: 1.3-1
Check: Rd files
Result: NOTE checkRd: (-1) est.R0.ML.Rd:98: Lost braces 98 | Supplementary Material S1 from \doi{10.1186/1472-6947-12-147}{Obadia et al., 2012}. | ^ checkRd: (-1) plot.R0.R.Rd:20: Lost braces 20 | Called for side effect. Draws all \eqn{R_{0}} or /eqn{R(t)} values from one estimation method. | ^ checkRd: (-1) plot.R0.sR.Rd:20: Lost braces 20 | Called for side effect. Draws all \eqn{R_{0}} or /eqn{R(t)} values from an | ^ Flavors: r-devel-linux-x86_64-debian-clang, r-devel-linux-x86_64-debian-gcc, r-devel-linux-x86_64-fedora-clang, r-devel-linux-x86_64-fedora-gcc, r-devel-windows-x86_64, r-patched-linux-x86_64, r-release-linux-x86_64, r-release-macos-arm64, r-release-macos-x86_64, r-release-windows-x86_64, r-oldrel-macos-arm64, r-oldrel-macos-x86_64, r-oldrel-windows-x86_64

Version: 1.3-1
Check: examples
Result: NOTE Examples with CPU (user + system) or elapsed time > 5s user system elapsed sensitivity.analysis 4.574 0.149 5.777 Flavor: r-devel-linux-x86_64-debian-clang