CRAN Package Check Results for Package R2MLwiN

Last updated on 2025-04-30 04:50:15 CEST.

Flavor Version Tinstall Tcheck Ttotal Status Flags
r-devel-linux-x86_64-debian-clang 0.8-9 51.93 165.69 217.62 NOTE
r-devel-linux-x86_64-debian-gcc 0.8-9 33.85 107.99 141.84 NOTE
r-devel-linux-x86_64-fedora-clang 0.8-9 378.30 OK
r-devel-linux-x86_64-fedora-gcc 0.8-9 331.55 OK
r-devel-windows-x86_64 0.8-9 48.00 161.00 209.00 NOTE
r-patched-linux-x86_64 0.8-9 55.56 154.46 210.02 NOTE
r-release-linux-x86_64 0.8-9 52.85 154.24 207.09 NOTE
r-release-macos-arm64 0.8-9 82.00 OK
r-release-macos-x86_64 0.8-9 179.00 OK
r-release-windows-x86_64 0.8-9 50.00 161.00 211.00 NOTE
r-oldrel-macos-arm64 0.8-9 80.00 OK
r-oldrel-macos-x86_64 0.8-9 135.00 OK
r-oldrel-windows-x86_64 0.8-9 69.00 205.00 274.00 OK

Check Details

Version: 0.8-9
Check: Rd cross-references
Result: NOTE Found the following Rd file(s) with Rd \link{} targets missing package anchors: runMLwiN.Rd: mcmc.list sixway.Rd: mcmc, mcmc.list Please provide package anchors for all Rd \link{} targets not in the package itself and the base packages. Flavors: r-devel-linux-x86_64-debian-clang, r-devel-linux-x86_64-debian-gcc, r-devel-windows-x86_64, r-patched-linux-x86_64, r-release-linux-x86_64, r-release-windows-x86_64