Last updated on 2025-04-30 04:50:16 CEST.
Flavor | Version | Tinstall | Tcheck | Ttotal | Status | Flags |
---|---|---|---|---|---|---|
r-devel-linux-x86_64-debian-clang | 0.1.1 | 2.05 | 40.53 | 42.58 | NOTE | |
r-devel-linux-x86_64-debian-gcc | 0.1.1 | 1.75 | 31.86 | 33.61 | OK | |
r-devel-linux-x86_64-fedora-clang | 0.1.1 | 65.25 | NOTE | |||
r-devel-linux-x86_64-fedora-gcc | 0.1.1 | 74.37 | NOTE | |||
r-devel-windows-x86_64 | 0.1.1 | 4.00 | 352.00 | 356.00 | OK | |
r-patched-linux-x86_64 | 0.1.1 | 2.26 | 37.61 | 39.87 | OK | |
r-release-linux-x86_64 | 0.1.1 | 1.94 | 38.42 | 40.36 | OK | |
r-release-macos-arm64 | 0.1.1 | 219.00 | OK | |||
r-release-macos-x86_64 | 0.1.1 | 395.00 | OK | |||
r-release-windows-x86_64 | 0.1.1 | 4.00 | 362.00 | 366.00 | OK | |
r-oldrel-macos-arm64 | 0.1.1 | 211.00 | OK | |||
r-oldrel-macos-x86_64 | 0.1.1 | 332.00 | OK | |||
r-oldrel-windows-x86_64 | 0.1.1 | 4.00 | 481.00 | 485.00 | OK |
Version: 0.1.1
Check: examples
Result: NOTE
Examples with CPU (user + system) or elapsed time > 5s
user system elapsed
RABRbinary 0.294 0.008 6.159
RABRcontinuous 0.173 0.010 5.092
Flavor: r-devel-linux-x86_64-debian-clang
Version: 0.1.1
Check: dependencies in R code
Result: NOTE
Namespaces in Imports field not imported from:
‘asd’ ‘cubature’ ‘data.table’ ‘ggplot2’ ‘multxpert’ ‘survival’
All declared Imports should be used.
Flavors: r-devel-linux-x86_64-fedora-clang, r-devel-linux-x86_64-fedora-gcc