Last updated on 2025-04-30 04:50:16 CEST.
Flavor | Version | Tinstall | Tcheck | Ttotal | Status | Flags |
---|---|---|---|---|---|---|
r-devel-linux-x86_64-debian-clang | 0.1.35 | 84.57 | 184.55 | 269.12 | OK | |
r-devel-linux-x86_64-debian-gcc | 0.1.35 | 69.02 | 127.31 | 196.33 | OK | |
r-devel-linux-x86_64-fedora-clang | 0.1.35 | 460.35 | OK | |||
r-devel-linux-x86_64-fedora-gcc | 0.1.35 | 463.32 | OK | |||
r-devel-windows-x86_64 | 0.1.35 | 84.00 | 204.00 | 288.00 | OK | |
r-patched-linux-x86_64 | 0.1.35 | 95.53 | 179.39 | 274.92 | OK | |
r-release-linux-x86_64 | 0.1.35 | 96.44 | 178.68 | 275.12 | OK | |
r-release-macos-arm64 | 0.1.35 | 117.00 | OK | |||
r-release-macos-x86_64 | 0.1.35 | 256.00 | OK | |||
r-release-windows-x86_64 | 0.1.35 | 88.00 | 198.00 | 286.00 | OK | |
r-oldrel-macos-arm64 | 0.1.35 | 110.00 | NOTE | |||
r-oldrel-macos-x86_64 | 0.1.35 | 175.00 | NOTE | |||
r-oldrel-windows-x86_64 | 0.1.35 | 96.00 | 264.00 | 360.00 | OK |
Version: 0.1.35
Check: installed package size
Result: NOTE
installed size is 34.7Mb
sub-directories of 1Mb or more:
libs 33.2Mb
Flavors: r-oldrel-macos-arm64, r-oldrel-macos-x86_64