Last updated on 2025-04-30 04:50:16 CEST.
Flavor | Version | Tinstall | Tcheck | Ttotal | Status | Flags |
---|---|---|---|---|---|---|
r-devel-linux-x86_64-debian-clang | 0.0.2 | 15.09 | 126.84 | 141.93 | NOTE | |
r-devel-linux-x86_64-debian-gcc | 0.0.2 | 9.73 | 82.61 | 92.34 | NOTE | |
r-devel-linux-x86_64-fedora-clang | 0.0.2 | 227.39 | OK | |||
r-devel-linux-x86_64-fedora-gcc | 0.0.2 | 231.70 | OK | |||
r-devel-windows-x86_64 | 0.0.2 | 15.00 | 132.00 | 147.00 | OK | |
r-patched-linux-x86_64 | 0.0.2 | 12.80 | 118.19 | 130.99 | OK | |
r-release-linux-x86_64 | 0.0.2 | 12.86 | 117.41 | 130.27 | OK | |
r-release-macos-arm64 | 0.0.2 | 62.00 | OK | |||
r-release-macos-x86_64 | 0.0.2 | 128.00 | OK | |||
r-release-windows-x86_64 | 0.0.2 | 15.00 | 138.00 | 153.00 | OK | |
r-oldrel-macos-arm64 | 0.0.2 | 68.00 | OK | |||
r-oldrel-macos-x86_64 | 0.0.2 | 127.00 | OK | |||
r-oldrel-windows-x86_64 | 0.0.2 | 19.00 | 163.00 | 182.00 | OK |
Version: 0.0.2
Check: examples
Result: NOTE
Examples with CPU (user + system) or elapsed time > 5s
user system elapsed
brar_select_au_unknown_var 10.097 0.039 13.800
brar_select_au_binary 5.657 0.099 7.215
brar_select_au_known_var 5.217 0.024 6.274
Flavor: r-devel-linux-x86_64-debian-clang
Version: 0.0.2
Check: examples
Result: NOTE
Examples with CPU (user + system) or elapsed time > 5s
user system elapsed
brar_select_au_unknown_var 5.832 0.001 7.221
Flavor: r-devel-linux-x86_64-debian-gcc