Last updated on 2025-04-30 04:50:16 CEST.
Flavor | Version | Tinstall | Tcheck | Ttotal | Status | Flags |
---|---|---|---|---|---|---|
r-devel-linux-x86_64-debian-clang | 0.1.18 | 3.06 | 27.26 | 30.32 | NOTE | |
r-devel-linux-x86_64-debian-gcc | 0.1.18 | 2.28 | 21.62 | 23.90 | NOTE | |
r-devel-linux-x86_64-fedora-clang | 0.1.18 | 43.47 | OK | |||
r-devel-linux-x86_64-fedora-gcc | 0.1.18 | 41.71 | OK | |||
r-devel-windows-x86_64 | 0.1.18 | 4.00 | 46.00 | 50.00 | OK | |
r-patched-linux-x86_64 | 0.1.18 | 2.87 | 25.08 | 27.95 | OK | |
r-release-linux-x86_64 | 0.1.18 | 3.00 | 25.18 | 28.18 | OK | |
r-release-macos-arm64 | 0.1.18 | 17.00 | OK | |||
r-release-macos-x86_64 | 0.1.18 | 30.00 | OK | |||
r-release-windows-x86_64 | 0.1.18 | 6.00 | 56.00 | 62.00 | OK | |
r-oldrel-macos-arm64 | 0.1.18 | 17.00 | OK | |||
r-oldrel-macos-x86_64 | 0.1.18 | 30.00 | OK | |||
r-oldrel-windows-x86_64 | 0.1.18 | 4.00 | 49.00 | 53.00 | OK |
Version: 0.1.18
Check: CRAN incoming feasibility
Result: NOTE
Maintainer: ‘Johannes Burkhardt <johannes.burkhardt@gmail.com>’
No Authors@R field in DESCRIPTION.
Please add one, modifying
Authors@R: c(person(given = "Johannes",
family = "Burkhardt",
role = c("aut", "cre"),
email = "johannes.burkhardt@gmail.com"),
person(given = "Matthias",
family = "Bannert",
role = "aut",
email = "matthias.bannert@gmail.com"))
as necessary.
Flavors: r-devel-linux-x86_64-debian-clang, r-devel-linux-x86_64-debian-gcc