Last updated on 2025-04-30 04:50:16 CEST.
Flavor | Version | Tinstall | Tcheck | Ttotal | Status | Flags |
---|---|---|---|---|---|---|
r-devel-linux-x86_64-debian-clang | 1.1 | 1.91 | 24.16 | 26.07 | NOTE | |
r-devel-linux-x86_64-debian-gcc | 1.1 | 1.46 | 19.69 | 21.15 | NOTE | |
r-devel-linux-x86_64-fedora-clang | 1.1 | 42.62 | OK | |||
r-devel-linux-x86_64-fedora-gcc | 1.1 | 41.31 | OK | |||
r-devel-windows-x86_64 | 1.1 | 3.00 | 52.00 | 55.00 | OK | |
r-patched-linux-x86_64 | 1.1 | 2.12 | 23.63 | 25.75 | OK | |
r-release-linux-x86_64 | 1.1 | 1.94 | 23.57 | 25.51 | OK | |
r-release-macos-arm64 | 1.1 | 18.00 | OK | |||
r-release-macos-x86_64 | 1.1 | 32.00 | OK | |||
r-release-windows-x86_64 | 1.1 | 4.00 | 52.00 | 56.00 | OK | |
r-oldrel-macos-arm64 | 1.1 | 16.00 | OK | |||
r-oldrel-macos-x86_64 | 1.1 | 27.00 | OK | |||
r-oldrel-windows-x86_64 | 1.1 | 4.00 | 51.00 | 55.00 | OK |
Version: 1.1
Check: CRAN incoming feasibility
Result: NOTE
Maintainer: ‘Diego Gallardo <dgallardo@ubiobio.cl>’
The Description field contains
Gallardo and Saulo <arXiv:2110.04428> The package also provides tools
Please refer to arXiv e-prints via their arXiv DOI <doi:10.48550/arXiv.YYMM.NNNNN>.
Flavors: r-devel-linux-x86_64-debian-clang, r-devel-linux-x86_64-debian-gcc