Last updated on 2025-04-30 04:50:16 CEST.
Flavor | Version | Tinstall | Tcheck | Ttotal | Status | Flags |
---|---|---|---|---|---|---|
r-devel-linux-x86_64-debian-clang | 1.8-2 | 171.76 | 205.39 | 377.15 | NOTE | |
r-devel-linux-x86_64-debian-gcc | 1.8-2 | 150.71 | 155.22 | 305.93 | OK | |
r-devel-linux-x86_64-fedora-clang | 1.8-2 | 586.11 | OK | |||
r-devel-linux-x86_64-fedora-gcc | 1.8-2 | 728.18 | OK | |||
r-devel-windows-x86_64 | 1.8-2 | 182.00 | 239.00 | 421.00 | OK | |
r-patched-linux-x86_64 | 1.8-1 | 201.12 | 214.78 | 415.90 | OK | |
r-release-linux-x86_64 | 1.8-2 | 193.95 | 211.79 | 405.74 | OK | |
r-release-macos-arm64 | 1.8-2 | 155.00 | OK | |||
r-release-macos-x86_64 | 1.8-2 | 377.00 | OK | |||
r-release-windows-x86_64 | 1.8-2 | 179.00 | 247.00 | 426.00 | OK | |
r-oldrel-macos-arm64 | 1.8-2 | 173.00 | NOTE | |||
r-oldrel-macos-x86_64 | 1.8-2 | 354.00 | NOTE | |||
r-oldrel-windows-x86_64 | 1.8-2 | 135.00 | 262.00 | 397.00 | NOTE |
Version: 1.8-2
Check: examples
Result: NOTE
Examples with CPU (user + system) or elapsed time > 5s
user system elapsed
ess 6.604 0.035 7.803
Flavor: r-devel-linux-x86_64-debian-clang
Version: 1.8-2
Check: installed package size
Result: NOTE
installed size is 65.2Mb
sub-directories of 1Mb or more:
libs 63.9Mb
Flavors: r-oldrel-macos-arm64, r-oldrel-macos-x86_64
Version: 1.8-2
Check: for GNU extensions in Makefiles
Result: NOTE
GNU make is a SystemRequirements.
Flavors: r-oldrel-macos-arm64, r-oldrel-macos-x86_64, r-oldrel-windows-x86_64