CRAN Package Check Results for Package RCNA

Last updated on 2025-04-30 04:50:16 CEST.

Flavor Version Tinstall Tcheck Ttotal Status Flags
r-devel-linux-x86_64-debian-clang 1.0 6.27 56.15 62.42 NOTE
r-devel-linux-x86_64-debian-gcc 1.0 4.24 39.68 43.92 NOTE
r-devel-linux-x86_64-fedora-clang 1.0 103.21 OK
r-devel-linux-x86_64-fedora-gcc 1.0 107.04 OK
r-devel-windows-x86_64 1.0 7.00 78.00 85.00 OK
r-patched-linux-x86_64 1.0 6.51 52.53 59.04 OK
r-release-linux-x86_64 1.0 5.49 52.28 57.77 OK
r-release-macos-arm64 1.0 45.00 OK
r-release-macos-x86_64 1.0 73.00 OK
r-release-windows-x86_64 1.0 7.00 84.00 91.00 OK
r-oldrel-macos-arm64 1.0 46.00 OK
r-oldrel-macos-x86_64 1.0 82.00 OK
r-oldrel-windows-x86_64 1.0 9.00 97.00 106.00 OK

Check Details

Version: 1.0
Check: examples
Result: NOTE Examples with CPU (user + system) or elapsed time > 5s user system elapsed run_RCNA.default 0.206 0.003 9.596 correct_gc_bias.default 0.070 0.012 5.220 Flavor: r-devel-linux-x86_64-debian-clang

Version: 1.0
Check: examples
Result: NOTE Examples with CPU (user + system) or elapsed time > 5s user system elapsed run_RCNA.default 0.116 0.007 6.604 Flavor: r-devel-linux-x86_64-debian-gcc