CRAN Package Check Results for Package RCRnorm

Last updated on 2025-04-30 04:50:16 CEST.

Flavor Version Tinstall Tcheck Ttotal Status Flags
r-devel-linux-x86_64-debian-clang 0.0.2 2.51 23.89 26.40 NOTE
r-devel-linux-x86_64-debian-gcc 0.0.2 2.00 17.89 19.89 OK
r-devel-linux-x86_64-fedora-clang 0.0.2 40.56 OK
r-devel-linux-x86_64-fedora-gcc 0.0.2 39.50 OK
r-devel-windows-x86_64 0.0.2 4.00 46.00 50.00 OK
r-patched-linux-x86_64 0.0.2 2.15 22.83 24.98 OK
r-release-linux-x86_64 0.0.2 2.33 22.67 25.00 OK
r-release-macos-arm64 0.0.2 15.00 OK
r-release-macos-x86_64 0.0.2 35.00 OK
r-release-windows-x86_64 0.0.2 3.00 45.00 48.00 OK
r-oldrel-macos-arm64 0.0.2 16.00 OK
r-oldrel-macos-x86_64 0.0.2 23.00 OK
r-oldrel-windows-x86_64 0.0.2 4.00 48.00 52.00 OK

Check Details

Version: 0.0.2
Check: examples
Result: NOTE Examples with CPU (user + system) or elapsed time > 5s user system elapsed RCRnorm 4.808 0.003 6.446 Flavor: r-devel-linux-x86_64-debian-clang