CRAN Package Check Results for Package RChronoModel

Last updated on 2025-02-22 05:51:48 CET.

Flavor Version Tinstall Tcheck Ttotal Status Flags
r-devel-linux-x86_64-debian-clang 0.4 2.89 39.03 41.92 NOTE
r-devel-linux-x86_64-debian-gcc 0.4 2.42 29.01 31.43 NOTE
r-devel-linux-x86_64-fedora-clang 0.4 65.84 NOTE
r-devel-linux-x86_64-fedora-gcc 0.4 64.56 NOTE
r-devel-macos-arm64 0.4 28.00 OK
r-devel-macos-x86_64 0.4 58.00 OK
r-devel-windows-x86_64 0.4 6.00 74.00 80.00 OK
r-patched-linux-x86_64 0.4 3.69 36.82 40.51 NOTE
r-release-linux-x86_64 0.4 3.19 36.60 39.79 NOTE
r-release-macos-arm64 0.4 27.00 OK
r-release-macos-x86_64 0.4 46.00 OK
r-release-windows-x86_64 0.4 6.00 66.00 72.00 OK
r-oldrel-macos-arm64 0.4 25.00 OK
r-oldrel-macos-x86_64 0.4 43.00 OK
r-oldrel-windows-x86_64 0.4 6.00 74.00 80.00 OK

Check Details

Version: 0.4
Check: for non-standard things in the check directory
Result: NOTE Found the following files/directories: ‘data.csv’ Flavors: r-devel-linux-x86_64-debian-clang, r-devel-linux-x86_64-debian-gcc, r-devel-linux-x86_64-fedora-clang, r-devel-linux-x86_64-fedora-gcc, r-patched-linux-x86_64, r-release-linux-x86_64