CRAN Package Check Results for Package RDM

Last updated on 2025-04-30 04:50:16 CEST.

Flavor Version Tinstall Tcheck Ttotal Status Flags
r-devel-linux-x86_64-debian-clang 0.1.1 12.03 47.84 59.87 NOTE
r-devel-linux-x86_64-debian-gcc 0.1.1 7.89 32.67 40.56 NOTE
r-devel-linux-x86_64-fedora-clang 0.1.1 95.71 NOTE
r-devel-linux-x86_64-fedora-gcc 0.1.1 90.87 NOTE
r-devel-windows-x86_64 0.1.1 14.00 81.00 95.00 NOTE
r-patched-linux-x86_64 0.1.1 10.89 44.77 55.66 NOTE
r-release-linux-x86_64 0.1.1 11.34 44.51 55.85 NOTE
r-release-macos-arm64 0.1.1 31.00 NOTE
r-release-macos-x86_64 0.1.1 59.00 NOTE
r-release-windows-x86_64 0.1.1 16.00 80.00 96.00 NOTE
r-oldrel-macos-arm64 0.1.1 30.00 NOTE
r-oldrel-macos-x86_64 0.1.1 44.00 NOTE
r-oldrel-windows-x86_64 0.1.1 16.00 95.00 111.00 NOTE

Check Details

Version: 0.1.1
Check: CRAN incoming feasibility
Result: NOTE Maintainer: ‘Christopher Strothmann <rdmpackage@gmail.com>’ The Description field contains presented in Strothmann et al. (2022) <arXiv:2201.03329> and Strothmann Please refer to arXiv e-prints via their arXiv DOI <doi:10.48550/arXiv.YYMM.NNNNN>. Flavors: r-devel-linux-x86_64-debian-clang, r-devel-linux-x86_64-debian-gcc

Version: 0.1.1
Check: Rd files
Result: NOTE checkRd: (-1) computeCBMeasure.Rd:26: Lost braces in \itemize; meant \describe ? checkRd: (-1) computeCBMeasure.Rd:27: Lost braces in \itemize; meant \describe ? checkRd: (-1) computeCBMeasure.Rd:28: Lost braces in \itemize; meant \describe ? checkRd: (-1) computeCBMeasure.Rd:29: Lost braces in \itemize; meant \describe ? checkRd: (-1) computeCBMeasure.Rd:30: Lost braces in \itemize; meant \describe ? checkRd: (-1) rdm.Rd:52: Lost braces in \itemize; meant \describe ? checkRd: (-1) rdm.Rd:53: Lost braces in \itemize; meant \describe ? checkRd: (-1) rdm.Rd:54: Lost braces in \itemize; meant \describe ? checkRd: (-1) rdm.Rd:55: Lost braces in \itemize; meant \describe ? checkRd: (-1) rdm.Rd:56: Lost braces in \itemize; meant \describe ? Flavors: r-devel-linux-x86_64-debian-clang, r-devel-linux-x86_64-debian-gcc, r-devel-linux-x86_64-fedora-clang, r-devel-linux-x86_64-fedora-gcc, r-devel-windows-x86_64, r-patched-linux-x86_64, r-release-linux-x86_64, r-release-macos-arm64, r-release-macos-x86_64, r-release-windows-x86_64, r-oldrel-macos-arm64, r-oldrel-macos-x86_64, r-oldrel-windows-x86_64