Last updated on 2025-04-30 04:50:16 CEST.
Flavor | Version | Tinstall | Tcheck | Ttotal | Status | Flags |
---|---|---|---|---|---|---|
r-devel-linux-x86_64-debian-clang | 0.9-10 | 21.47 | 153.50 | 174.97 | NOTE | |
r-devel-linux-x86_64-debian-gcc | 0.9-10 | 15.11 | 99.53 | 114.64 | OK | |
r-devel-linux-x86_64-fedora-clang | 0.9-10 | 276.14 | OK | |||
r-devel-linux-x86_64-fedora-gcc | 0.9-10 | 247.10 | OK | |||
r-devel-windows-x86_64 | 0.9-10 | 29.00 | 161.00 | 190.00 | OK | |
r-patched-linux-x86_64 | 0.9-10 | 20.28 | 145.38 | 165.66 | OK | |
r-release-linux-x86_64 | 0.9-10 | 18.82 | 143.26 | 162.08 | OK | |
r-release-macos-arm64 | 0.9-10 | 69.00 | OK | |||
r-release-macos-x86_64 | 0.9-10 | 138.00 | OK | |||
r-release-windows-x86_64 | 0.9-10 | 30.00 | 162.00 | 192.00 | OK | |
r-oldrel-macos-arm64 | 0.9-10 | 83.00 | OK | |||
r-oldrel-macos-x86_64 | 0.9-10 | 241.00 | OK | |||
r-oldrel-windows-x86_64 | 0.9-10 | 35.00 | 211.00 | 246.00 | OK |
Version: 0.9-10
Check: examples
Result: NOTE
Examples with CPU (user + system) or elapsed time > 5s
user system elapsed
bootstrap.incidence 4.447 0.060 5.190
LRT.trend.test 4.406 0.035 5.054
Flavor: r-devel-linux-x86_64-debian-clang