Last updated on 2025-04-30 04:50:16 CEST.
Flavor | Version | Tinstall | Tcheck | Ttotal | Status | Flags |
---|---|---|---|---|---|---|
r-devel-linux-x86_64-debian-clang | 1.3 | 6.37 | 53.76 | 60.13 | NOTE | |
r-devel-linux-x86_64-debian-gcc | 1.3 | 4.77 | 37.89 | 42.66 | NOTE | |
r-devel-linux-x86_64-fedora-clang | 1.3 | 87.29 | OK | |||
r-devel-linux-x86_64-fedora-gcc | 1.3 | 79.81 | OK | |||
r-devel-windows-x86_64 | 1.3 | 8.00 | 67.00 | 75.00 | OK | |
r-patched-linux-x86_64 | 1.3 | 5.82 | 50.40 | 56.22 | OK | |
r-release-linux-x86_64 | 1.3 | 5.87 | 50.25 | 56.12 | OK | |
r-release-macos-arm64 | 1.3 | 27.00 | OK | |||
r-release-macos-x86_64 | 1.3 | 48.00 | OK | |||
r-release-windows-x86_64 | 1.3 | 9.00 | 65.00 | 74.00 | OK | |
r-oldrel-macos-arm64 | 1.3 | 27.00 | OK | |||
r-oldrel-macos-x86_64 | 1.3 | 40.00 | OK | |||
r-oldrel-windows-x86_64 | 1.3 | 10.00 | 79.00 | 89.00 | OK |
Version: 1.3
Check: CRAN incoming feasibility
Result: NOTE
Maintainer: ‘Hasan BULUT <hasan.bulut@omu.edu.tr>’
No Authors@R field in DESCRIPTION.
Please add one, modifying
Authors@R: person(given = "Hasan",
family = "BULUT",
role = c("aut", "cre"),
email = "hasan.bulut@omu.edu.tr")
as necessary.
Flavors: r-devel-linux-x86_64-debian-clang, r-devel-linux-x86_64-debian-gcc