CRAN Package Check Results for Package RDota2

Last updated on 2025-04-30 04:50:16 CEST.

Flavor Version Tinstall Tcheck Ttotal Status Flags
r-devel-linux-x86_64-debian-clang 0.1.6 2.01 29.46 31.47 OK
r-devel-linux-x86_64-debian-gcc 0.1.6 1.66 22.67 24.33 OK
r-devel-linux-x86_64-fedora-clang 0.1.6 48.24 OK
r-devel-linux-x86_64-fedora-gcc 0.1.6 59.99 OK
r-devel-windows-x86_64 0.1.6 4.00 57.00 61.00 OK
r-patched-linux-x86_64 0.1.6 2.59 26.81 29.40 OK
r-release-linux-x86_64 0.1.6 1.96 26.87 28.83 OK
r-release-macos-arm64 0.1.6 25.00 OK
r-release-macos-x86_64 0.1.6 40.00 OK
r-release-windows-x86_64 0.1.6 5.00 61.00 66.00 OK
r-oldrel-macos-arm64 0.1.6 26.00 NOTE
r-oldrel-macos-x86_64 0.1.6 35.00 NOTE
r-oldrel-windows-x86_64 0.1.6 4.00 60.00 64.00 NOTE

Check Details

Version: 0.1.6
Check: LazyData
Result: NOTE 'LazyData' is specified without a 'data' directory Flavors: r-oldrel-macos-arm64, r-oldrel-macos-x86_64, r-oldrel-windows-x86_64