Last updated on 2025-04-30 04:50:16 CEST.
Flavor | Version | Tinstall | Tcheck | Ttotal | Status | Flags |
---|---|---|---|---|---|---|
r-devel-linux-x86_64-debian-clang | 1.4.0 | 7.34 | 84.65 | 91.99 | ERROR | |
r-devel-linux-x86_64-debian-gcc | 1.4.0 | 4.32 | 61.25 | 65.57 | NOTE | |
r-devel-linux-x86_64-fedora-clang | 1.4.0 | 136.69 | NOTE | |||
r-devel-linux-x86_64-fedora-gcc | 1.4.0 | 147.00 | NOTE | |||
r-devel-windows-x86_64 | 1.4.0 | 10.00 | 108.00 | 118.00 | NOTE | |
r-patched-linux-x86_64 | 1.4.0 | 8.13 | 77.81 | 85.94 | NOTE | |
r-release-linux-x86_64 | 1.4.0 | 6.57 | 78.34 | 84.91 | NOTE | |
r-release-macos-arm64 | 1.4.0 | 47.00 | NOTE | |||
r-release-macos-x86_64 | 1.4.0 | 94.00 | NOTE | |||
r-release-windows-x86_64 | 1.4.0 | 13.00 | 109.00 | 122.00 | NOTE | |
r-oldrel-macos-arm64 | 1.4.0 | 59.00 | OK | |||
r-oldrel-macos-x86_64 | 1.4.0 | 99.00 | OK | |||
r-oldrel-windows-x86_64 | 1.4.0 | 11.00 | 132.00 | 143.00 | ERROR |
Version: 1.4.0
Check: DESCRIPTION meta-information
Result: NOTE
Missing dependency on R >= 4.1.0 because package code uses the pipe
|> or function shorthand \(...) syntax added in R 4.1.0.
File(s) using such syntax:
‘helpers-testing.R’ ‘validate.R’
Flavors: r-devel-linux-x86_64-debian-clang, r-devel-linux-x86_64-debian-gcc, r-devel-linux-x86_64-fedora-clang, r-devel-linux-x86_64-fedora-gcc, r-devel-windows-x86_64, r-patched-linux-x86_64, r-release-linux-x86_64, r-release-macos-arm64, r-release-macos-x86_64, r-release-windows-x86_64
Version: 1.4.0
Check: examples
Result: ERROR
Running examples in ‘REDCapR-Ex.R’ failed
The error most likely occurred in:
> base::assign(".ptime", proc.time(), pos = "CheckExEnv")
> ### Name: redcap_next_free_record_name
> ### Title: Determine free available record ID
> ### Aliases: redcap_next_free_record_name
>
> ### ** Examples
>
> uri <- "https://redcap-dev-2.ouhsc.edu/redcap/api/"
> token <- "9A068C425B1341D69E83064A2D273A70"
> # Returns 6
> REDCapR::redcap_next_free_record_name(redcap_uri = uri, token = token)
Error in curl::curl_fetch_memory(url, handle = handle) :
Timeout was reached [redcap-dev-2.ouhsc.edu]: Connection timed out after 10002 milliseconds
Calls: <Anonymous> ... request_fetch.write_memory -> <Anonymous> -> raise_libcurl_error
Execution halted
Flavor: r-devel-linux-x86_64-debian-clang
Version: 1.4.0
Check: examples
Result: ERROR
Running examples in 'REDCapR-Ex.R' failed
The error most likely occurred in:
> ### Name: redcap_next_free_record_name
> ### Title: Determine free available record ID
> ### Aliases: redcap_next_free_record_name
>
> ### ** Examples
>
> uri <- "https://redcap-dev-2.ouhsc.edu/redcap/api/"
> token <- "9A068C425B1341D69E83064A2D273A70"
> # Returns 6
> REDCapR::redcap_next_free_record_name(redcap_uri = uri, token = token)
Error in curl::curl_fetch_memory(url, handle = handle) :
Timeout was reached [redcap-dev-2.ouhsc.edu]: Failed to connect to redcap-dev-2.ouhsc.edu port 443 after 10013 ms: Timeout was reached
Calls: <Anonymous> ... request_fetch.write_memory -> <Anonymous> -> raise_libcurl_error
Execution halted
Flavor: r-oldrel-windows-x86_64