CRAN Package Check Results for Package REPPlab

Last updated on 2025-04-30 04:50:16 CEST.

Flavor Version Tinstall Tcheck Ttotal Status Flags
r-devel-linux-x86_64-debian-clang 0.9.6 4.19 56.41 60.60 NOTE
r-devel-linux-x86_64-debian-gcc 0.9.6 3.23 41.12 44.35 NOTE
r-devel-linux-x86_64-fedora-clang 0.9.6 90.92 OK
r-devel-linux-x86_64-fedora-gcc 0.9.6 88.50 OK
r-devel-windows-x86_64 0.9.6 6.00 78.00 84.00 OK
r-patched-linux-x86_64 0.9.6 4.29 53.33 57.62 OK
r-release-linux-x86_64 0.9.6 3.73 52.86 56.59 OK
r-release-macos-arm64 0.9.6 32.00 OK
r-release-macos-x86_64 0.9.6 56.00 OK
r-release-windows-x86_64 0.9.6 5.00 74.00 79.00 OK
r-oldrel-macos-arm64 0.9.6 32.00 OK
r-oldrel-macos-x86_64 0.9.6 47.00 OK
r-oldrel-windows-x86_64 0.9.6 6.00 85.00 91.00 OK

Check Details

Version: 0.9.6
Check: CRAN incoming feasibility
Result: NOTE Maintainer: ‘Daniel Fischer <daniel.fischer@luke.fi>’ No Authors@R field in DESCRIPTION. Please add one, modifying Authors@R: c(person(given = "Daniel", family = "Fischer", role = c("aut", "cre"), email = "daniel.fischer@luke.fi"), person(given = "Alain", family = "Berro", role = "aut"), person(given = "Klaus", family = "Nordhausen", role = "aut"), person(given = "Anne", family = "Ruiz-Gazen", role = "aut")) as necessary. Flavors: r-devel-linux-x86_64-debian-clang, r-devel-linux-x86_64-debian-gcc