Last updated on 2025-04-30 04:50:16 CEST.
Flavor | Version | Tinstall | Tcheck | Ttotal | Status | Flags |
---|---|---|---|---|---|---|
r-devel-linux-x86_64-debian-clang | 1.0.0 | 6.46 | 79.00 | 85.46 | NOTE | |
r-devel-linux-x86_64-debian-gcc | 1.0.0 | 4.84 | 57.46 | 62.30 | OK | |
r-devel-linux-x86_64-fedora-clang | 1.0.0 | 139.41 | OK | |||
r-devel-linux-x86_64-fedora-gcc | 1.0.0 | 149.00 | OK | |||
r-devel-windows-x86_64 | 1.0.0 | 7.00 | 110.00 | 117.00 | OK | |
r-patched-linux-x86_64 | 1.0.0 | 6.79 | 74.95 | 81.74 | OK | |
r-release-linux-x86_64 | 1.0.0 | 6.20 | 75.52 | 81.72 | OK | |
r-release-macos-arm64 | 1.0.0 | 58.00 | OK | |||
r-release-macos-x86_64 | 1.0.0 | 100.00 | OK | |||
r-release-windows-x86_64 | 1.0.0 | 7.00 | 104.00 | 111.00 | OK | |
r-oldrel-macos-arm64 | 1.0.0 | 48.00 | OK | |||
r-oldrel-macos-x86_64 | 1.0.0 | 77.00 | OK | |||
r-oldrel-windows-x86_64 | 1.0.0 | 9.00 | 124.00 | 133.00 | OK |
Version: 1.0.0
Check: examples
Result: NOTE
Examples with CPU (user + system) or elapsed time > 5s
user system elapsed
ConvertToPerVarScoresForSeurat 5.964 0.563 8.043
Flavor: r-devel-linux-x86_64-debian-clang