CRAN Package Check Results for Package REffectivePred

Last updated on 2025-04-30 04:50:16 CEST.

Flavor Version Tinstall Tcheck Ttotal Status Flags
r-devel-linux-x86_64-debian-clang 1.0.1 3.12 38.78 41.90 NOTE
r-devel-linux-x86_64-debian-gcc 1.0.1 2.03 27.42 29.45 OK
r-devel-linux-x86_64-fedora-clang 1.0.1 59.96 OK
r-devel-linux-x86_64-fedora-gcc 1.0.1 57.75 OK
r-devel-windows-x86_64 1.0.1 4.00 65.00 69.00 OK
r-patched-linux-x86_64 1.0.1 3.11 36.71 39.82 OK
r-release-linux-x86_64 1.0.1 2.81 36.00 38.81 OK
r-release-macos-arm64 1.0.1 25.00 OK
r-release-macos-x86_64 1.0.1 43.00 OK
r-release-windows-x86_64 1.0.1 4.00 65.00 69.00 OK
r-oldrel-macos-arm64 1.0.1 192.00 OK
r-oldrel-macos-x86_64 1.0.1 204.00 OK
r-oldrel-windows-x86_64 1.0.1 5.00 70.00 75.00 OK

Check Details

Version: 1.0.1
Check: examples
Result: NOTE Examples with CPU (user + system) or elapsed time > 5s user system elapsed ci.curve 4.342 0.318 6.393 estimate.mle 3.603 0.155 6.499 Flavor: r-devel-linux-x86_64-debian-clang