Last updated on 2025-04-30 04:50:17 CEST.
Flavor | Version | Tinstall | Tcheck | Ttotal | Status | Flags |
---|---|---|---|---|---|---|
r-devel-linux-x86_64-debian-clang | 1.1 | 5.48 | 258.23 | 263.71 | NOTE | |
r-devel-linux-x86_64-debian-gcc | 1.1 | 4.18 | 158.73 | 162.91 | NOTE | |
r-devel-linux-x86_64-fedora-clang | 1.1 | 442.83 | OK | |||
r-devel-linux-x86_64-fedora-gcc | 1.1 | 449.49 | OK | |||
r-devel-windows-x86_64 | 1.1 | 7.00 | 220.00 | 227.00 | OK | |
r-patched-linux-x86_64 | 1.1 | 6.64 | 238.10 | 244.74 | OK | |
r-release-linux-x86_64 | 1.1 | 6.53 | 239.30 | 245.83 | OK | |
r-release-macos-arm64 | 1.1 | 92.00 | OK | |||
r-release-macos-x86_64 | 1.1 | 215.00 | OK | |||
r-release-windows-x86_64 | 1.1 | 9.00 | 222.00 | 231.00 | OK | |
r-oldrel-macos-arm64 | 1.1 | 88.00 | OK | |||
r-oldrel-macos-x86_64 | 1.1 | 149.00 | OK | |||
r-oldrel-windows-x86_64 | 1.1 | 9.00 | 296.00 | 305.00 | OK |
Version: 1.1
Check: examples
Result: NOTE
Examples with CPU (user + system) or elapsed time > 5s
user system elapsed
cvFPM 7.629 0.069 11.177
optimFPM 6.006 0.012 8.445
Flavor: r-devel-linux-x86_64-debian-clang
Version: 1.1
Check: examples
Result: NOTE
Examples with CPU (user + system) or elapsed time > 5s
user system elapsed
cvFPM 4.419 0.065 5.972
Flavor: r-devel-linux-x86_64-debian-gcc