Last updated on 2025-04-30 04:50:16 CEST.
Flavor | Version | Tinstall | Tcheck | Ttotal | Status | Flags |
---|---|---|---|---|---|---|
r-devel-linux-x86_64-debian-clang | 0.1.2 | 1.67 | 20.13 | 21.80 | NOTE | |
r-devel-linux-x86_64-debian-gcc | 0.1.2 | 1.36 | 16.42 | 17.78 | NOTE | |
r-devel-linux-x86_64-fedora-clang | 0.1.2 | 34.82 | OK | |||
r-devel-linux-x86_64-fedora-gcc | 0.1.2 | 31.70 | OK | |||
r-devel-windows-x86_64 | 0.1.2 | 3.00 | 44.00 | 47.00 | OK | |
r-patched-linux-x86_64 | 0.1.2 | 1.44 | 19.15 | 20.59 | OK | |
r-release-linux-x86_64 | 0.1.2 | 1.73 | 19.21 | 20.94 | OK | |
r-release-macos-arm64 | 0.1.2 | 21.00 | OK | |||
r-release-macos-x86_64 | 0.1.2 | 26.00 | OK | |||
r-release-windows-x86_64 | 0.1.2 | 3.00 | 42.00 | 45.00 | OK | |
r-oldrel-macos-arm64 | 0.1.2 | 15.00 | OK | |||
r-oldrel-macos-x86_64 | 0.1.2 | 22.00 | OK | |||
r-oldrel-windows-x86_64 | 0.1.2 | 3.00 | 43.00 | 46.00 | OK |
Version: 0.1.2
Check: CRAN incoming feasibility
Result: NOTE
Maintainer: ‘Ankur Chakravarthy <ankur.chakravarthy.10@ucl.ac.uk>’
No Authors@R field in DESCRIPTION.
Please add one, modifying
Authors@R: c(person(given = "Ankur",
family = "Chakravarthy",
role = c("aut", "cre"),
email = "ankur.chakravarthy.10@ucl.ac.uk"),
person(family = "PhD",
role = "aut"))
as necessary.
Flavors: r-devel-linux-x86_64-debian-clang, r-devel-linux-x86_64-debian-gcc