Last updated on 2025-11-03 03:49:53 CET.
| Flavor | Version | Tinstall | Tcheck | Ttotal | Status | Flags |
|---|---|---|---|---|---|---|
| r-devel-linux-x86_64-debian-clang | 0.1.2 | 1.40 | 21.35 | 22.75 | NOTE | |
| r-devel-linux-x86_64-debian-gcc | 0.1.2 | 1.42 | 18.50 | 19.92 | NOTE | |
| r-devel-linux-x86_64-fedora-clang | 0.1.2 | 13.00 | 22.67 | 35.67 | OK | |
| r-devel-linux-x86_64-fedora-gcc | 0.1.2 | 16.00 | 17.91 | 33.91 | OK | |
| r-devel-windows-x86_64 | 0.1.2 | 3.00 | 39.00 | 42.00 | OK | |
| r-patched-linux-x86_64 | 0.1.2 | 1.57 | 20.29 | 21.86 | OK | |
| r-release-linux-x86_64 | 0.1.2 | 1.50 | 20.23 | 21.73 | OK | |
| r-release-macos-arm64 | 0.1.2 | 1.00 | 20.00 | 21.00 | OK | |
| r-release-macos-x86_64 | 0.1.2 | 2.00 | 24.00 | 26.00 | OK | |
| r-release-windows-x86_64 | 0.1.2 | 3.00 | 39.00 | 42.00 | OK | |
| r-oldrel-macos-arm64 | 0.1.2 | 1.00 | 14.00 | 15.00 | OK | |
| r-oldrel-macos-x86_64 | 0.1.2 | 2.00 | 20.00 | 22.00 | OK | |
| r-oldrel-windows-x86_64 | 0.1.2 | 3.00 | 46.00 | 49.00 | OK |
Version: 0.1.2
Check: CRAN incoming feasibility
Result: NOTE
Maintainer: ‘Ankur Chakravarthy <ankur.chakravarthy.10@ucl.ac.uk>’
No Authors@R field in DESCRIPTION.
Please add one, modifying
Authors@R: c(person(given = "Ankur",
family = "Chakravarthy",
role = c("aut", "cre"),
email = "ankur.chakravarthy.10@ucl.ac.uk"),
person(family = "PhD",
role = "aut"))
as necessary.
Flavors: r-devel-linux-x86_64-debian-clang, r-devel-linux-x86_64-debian-gcc