Last updated on 2025-04-30 04:50:17 CEST.
Flavor | Version | Tinstall | Tcheck | Ttotal | Status | Flags |
---|---|---|---|---|---|---|
r-devel-linux-x86_64-debian-clang | 0.9 | 3.74 | 86.50 | 90.24 | NOTE | |
r-devel-linux-x86_64-debian-gcc | 0.9 | 2.72 | 61.49 | 64.21 | NOTE | |
r-devel-linux-x86_64-fedora-clang | 0.9 | 144.80 | OK | |||
r-devel-linux-x86_64-fedora-gcc | 0.9 | 153.60 | OK | |||
r-devel-windows-x86_64 | 0.9 | 5.00 | 145.00 | 150.00 | OK | |
r-patched-linux-x86_64 | 0.9 | 3.11 | 81.03 | 84.14 | OK | |
r-release-linux-x86_64 | 0.9 | 3.73 | 83.20 | 86.93 | OK | |
r-release-macos-arm64 | 0.9 | 75.00 | OK | |||
r-release-macos-x86_64 | 0.9 | 150.00 | OK | |||
r-release-windows-x86_64 | 0.9 | 6.00 | 145.00 | 151.00 | OK | |
r-oldrel-macos-arm64 | 0.9 | 62.00 | OK | |||
r-oldrel-macos-x86_64 | 0.9 | 141.00 | OK | |||
r-oldrel-windows-x86_64 | 0.9 | 6.00 | 163.00 | 169.00 | OK |
Version: 0.9
Check: examples
Result: NOTE
Examples with CPU (user + system) or elapsed time > 5s
user system elapsed
determine_cutoff 8.674 0.197 13.307
plotQ 8.645 0.047 12.434
run.it.importances 8.605 0.067 12.677
significant.genes 8.460 0.060 12.353
determine.C 4.003 0.037 5.644
Flavor: r-devel-linux-x86_64-debian-clang
Version: 0.9
Check: examples
Result: NOTE
Examples with CPU (user + system) or elapsed time > 5s
user system elapsed
determine_cutoff 5.523 0.180 7.846
significant.genes 5.498 0.003 6.889
plotQ 5.457 0.008 6.829
run.it.importances 5.457 0.003 6.546
Flavor: r-devel-linux-x86_64-debian-gcc