Last updated on 2025-04-30 04:50:17 CEST.
Flavor | Version | Tinstall | Tcheck | Ttotal | Status | Flags |
---|---|---|---|---|---|---|
r-devel-linux-x86_64-debian-clang | 1.2.0 | 7.11 | 101.36 | 108.47 | NOTE | |
r-devel-linux-x86_64-debian-gcc | 1.2.0 | 4.83 | 68.26 | 73.09 | NOTE | |
r-devel-linux-x86_64-fedora-clang | 1.2.0 | 190.18 | OK | |||
r-devel-linux-x86_64-fedora-gcc | 1.2.0 | 187.68 | OK | |||
r-devel-windows-x86_64 | 1.2.0 | 10.00 | 128.00 | 138.00 | OK | |
r-patched-linux-x86_64 | 1.2.0 | 8.84 | 96.88 | 105.72 | OK | |
r-release-linux-x86_64 | 1.2.0 | 7.55 | 99.03 | 106.58 | OK | |
r-release-macos-arm64 | 1.2.0 | 72.00 | OK | |||
r-release-macos-x86_64 | 1.2.0 | 111.00 | OK | |||
r-release-windows-x86_64 | 1.2.0 | 10.00 | 134.00 | 144.00 | OK | |
r-oldrel-macos-arm64 | 1.2.0 | 56.00 | NOTE | |||
r-oldrel-macos-x86_64 | 1.2.0 | 87.00 | NOTE | |||
r-oldrel-windows-x86_64 | 1.2.0 | 11.00 | 157.00 | 168.00 | NOTE |
Version: 1.2.0
Check: CRAN incoming feasibility
Result: NOTE
Maintainer: ‘Cristian Quiroz-Moreno <cristianquirozd1997@gmail.com>’
Package CITATION file contains call(s) to old-style citEntry(). Please
use bibentry() instead.
Flavors: r-devel-linux-x86_64-debian-clang, r-devel-linux-x86_64-debian-gcc
Version: 1.2.0
Check: examples
Result: NOTE
Examples with CPU (user + system) or elapsed time > 5s
user system elapsed
plot-methods 3.756 0.096 5.061
Flavor: r-devel-linux-x86_64-debian-clang
Version: 1.2.0
Check: installed package size
Result: NOTE
installed size is 5.4Mb
sub-directories of 1Mb or more:
data 1.9Mb
doc 1.2Mb
extdata 1.9Mb
Flavors: r-oldrel-macos-arm64, r-oldrel-macos-x86_64, r-oldrel-windows-x86_64