CRAN Package Check Results for Package RGE

Last updated on 2025-04-30 04:50:17 CEST.

Flavor Version Tinstall Tcheck Ttotal Status Flags
r-devel-linux-x86_64-debian-clang 1.0 7.14 64.12 71.26 NOTE
r-devel-linux-x86_64-debian-gcc 1.0 4.98 47.76 52.74 NOTE
r-devel-linux-x86_64-fedora-clang 1.0 109.13 OK
r-devel-linux-x86_64-fedora-gcc 1.0 105.83 OK
r-devel-windows-x86_64 1.0 8.00 78.00 86.00 OK
r-patched-linux-x86_64 1.0 7.21 61.88 69.09 OK
r-release-linux-x86_64 1.0 7.04 63.02 70.06 OK
r-release-macos-arm64 1.0 37.00 OK
r-release-macos-x86_64 1.0 62.00 OK
r-release-windows-x86_64 1.0 8.00 77.00 85.00 OK
r-oldrel-macos-arm64 1.0 34.00 OK
r-oldrel-macos-x86_64 1.0 57.00 OK
r-oldrel-windows-x86_64 1.0 9.00 90.00 99.00 OK

Check Details

Version: 1.0
Check: CRAN incoming feasibility
Result: NOTE Maintainer: ‘Jose Miguel Cotes Torres <jmcotes@unal.edu.co>’ No Authors@R field in DESCRIPTION. Please add one, modifying Authors@R: c(person(given = c("Jose", "Miguel", "Cotes", "Torres.", "Universidad", "Nacional", "de", "Colombia", "-", "Sede"), family = "Medellin", role = "aut"), person(given = c("Jose", "Miguel", "Cotes"), family = "Torres", role = "cre", email = "jmcotes@unal.edu.co")) as necessary. Flavors: r-devel-linux-x86_64-debian-clang, r-devel-linux-x86_64-debian-gcc

Version: 1.0
Check: examples
Result: NOTE Examples with CPU (user + system) or elapsed time > 5s user system elapsed summary.RGEgibbs 5.275 0.071 6.215 Flavor: r-devel-linux-x86_64-debian-clang