Last updated on 2025-04-30 04:50:17 CEST.
Flavor | Version | Tinstall | Tcheck | Ttotal | Status | Flags |
---|---|---|---|---|---|---|
r-devel-linux-x86_64-debian-clang | 0.1.0 | 21.96 | 35.97 | 57.93 | NOTE | |
r-devel-linux-x86_64-debian-gcc | 0.1.0 | 15.63 | 28.37 | 44.00 | NOTE | |
r-devel-linux-x86_64-fedora-clang | 0.1.0 | 105.43 | OK | |||
r-devel-linux-x86_64-fedora-gcc | 0.1.0 | 99.60 | OK | |||
r-devel-windows-x86_64 | 0.1.0 | 24.00 | 79.00 | 103.00 | OK | |
r-patched-linux-x86_64 | 0.1.0 | 21.81 | 38.14 | 59.95 | OK | |
r-release-linux-x86_64 | 0.1.0 | 21.22 | 37.52 | 58.74 | OK | |
r-release-macos-arm64 | 0.1.0 | 29.00 | OK | |||
r-release-macos-x86_64 | 0.1.0 | 50.00 | OK | |||
r-release-windows-x86_64 | 0.1.0 | 24.00 | 74.00 | 98.00 | OK | |
r-oldrel-macos-arm64 | 0.1.0 | 30.00 | OK | |||
r-oldrel-macos-x86_64 | 0.1.0 | 42.00 | OK | |||
r-oldrel-windows-x86_64 | 0.1.0 | 23.00 | 85.00 | 108.00 | OK |
Version: 0.1.0
Check: CRAN incoming feasibility
Result: NOTE
Maintainer: ‘Lorenzo Rimella <lorenzo.rimella@hotmail.it>’
No Authors@R field in DESCRIPTION.
Please add one, modifying
Authors@R: person(given = "Lorenzo",
family = "Rimella",
role = c("aut", "cre"),
email = "lorenzo.rimella@hotmail.it")
as necessary.
Flavors: r-devel-linux-x86_64-debian-clang, r-devel-linux-x86_64-debian-gcc
Version: 0.1.0
Check: examples
Result: NOTE
Examples with CPU (user + system) or elapsed time > 5s
user system elapsed
rgeode 4.529 0.007 5.385
Flavor: r-devel-linux-x86_64-debian-clang
Version: 0.1.0
Check: examples
Result: NOTE
Examples with CPU (user + system) or elapsed time > 5s
user system elapsed
randSVD 4.712 0.035 6.245
Flavor: r-devel-linux-x86_64-debian-gcc