Last updated on 2025-04-30 04:50:17 CEST.
Flavor | Version | Tinstall | Tcheck | Ttotal | Status | Flags |
---|---|---|---|---|---|---|
r-devel-linux-x86_64-debian-clang | 1.0.1 | 3.66 | 51.14 | 54.80 | NOTE | |
r-devel-linux-x86_64-debian-gcc | 1.0.1 | 2.72 | 36.61 | 39.33 | OK | |
r-devel-linux-x86_64-fedora-clang | 1.0.1 | 85.18 | OK | |||
r-devel-linux-x86_64-fedora-gcc | 1.0.1 | 96.45 | OK | |||
r-devel-windows-x86_64 | 1.0.1 | 5.00 | 68.00 | 73.00 | OK | |
r-patched-linux-x86_64 | 1.0.1 | 4.43 | 47.92 | 52.35 | OK | |
r-release-linux-x86_64 | 1.0.1 | 4.04 | 47.80 | 51.84 | OK | |
r-release-macos-arm64 | 1.0.1 | 32.00 | OK | |||
r-release-macos-x86_64 | 1.0.1 | 62.00 | OK | |||
r-release-windows-x86_64 | 1.0.1 | 6.00 | 72.00 | 78.00 | OK | |
r-oldrel-macos-arm64 | 1.0.1 | 29.00 | OK | |||
r-oldrel-macos-x86_64 | 1.0.1 | 48.00 | OK | |||
r-oldrel-windows-x86_64 | 1.0.1 | 5.00 | 81.00 | 86.00 | OK |
Version: 1.0.1
Check: examples
Result: NOTE
Examples with CPU (user + system) or elapsed time > 5s
user system elapsed
vectorToHRT 3.183 0 5.068
Flavor: r-devel-linux-x86_64-debian-clang