Last updated on 2025-04-30 04:50:17 CEST.
Flavor | Version | Tinstall | Tcheck | Ttotal | Status | Flags |
---|---|---|---|---|---|---|
r-devel-linux-x86_64-debian-clang | 1.4 | 12.37 | 28.02 | 40.39 | NOTE | |
r-devel-linux-x86_64-debian-gcc | 1.4 | 9.32 | 21.78 | 31.10 | NOTE | |
r-devel-linux-x86_64-fedora-clang | 1.4 | 67.85 | NOTE | |||
r-devel-linux-x86_64-fedora-gcc | 1.4 | 66.45 | NOTE | |||
r-devel-windows-x86_64 | 1.4 | 15.00 | 74.00 | 89.00 | OK | |
r-patched-linux-x86_64 | 1.4 | 12.68 | 27.42 | 40.10 | OK | |
r-release-linux-x86_64 | 1.4 | 12.77 | 27.24 | 40.01 | OK | |
r-release-macos-arm64 | 1.4 | 26.00 | OK | |||
r-release-macos-x86_64 | 1.4 | 43.00 | OK | |||
r-release-windows-x86_64 | 1.4 | 17.00 | 74.00 | 91.00 | OK | |
r-oldrel-macos-arm64 | 1.4 | 24.00 | OK | |||
r-oldrel-macos-x86_64 | 1.4 | 34.00 | OK | |||
r-oldrel-windows-x86_64 | 1.4 | 15.00 | 83.00 | 98.00 | OK |
Version: 1.4
Check: CRAN incoming feasibility
Result: NOTE
Maintainer: ‘Joseph Rigdon <jrigdon@wakehealth.edu>’
No Authors@R field in DESCRIPTION.
Please add one, modifying
Authors@R: person(given = "Joseph",
family = "Rigdon",
role = c("aut", "cre"),
email = "jrigdon@wakehealth.edu")
as necessary.
Flavors: r-devel-linux-x86_64-debian-clang, r-devel-linux-x86_64-debian-gcc
Version: 1.4
Check: compiled code
Result: NOTE
File ‘RI2by2/libs/RI2by2.so’:
Found no calls to: ‘R_registerRoutines’, ‘R_useDynamicSymbols’
It is good practice to register native routines and to disable symbol
search.
See ‘Writing portable packages’ in the ‘Writing R Extensions’ manual.
Flavors: r-devel-linux-x86_64-fedora-clang, r-devel-linux-x86_64-fedora-gcc