CRAN Package Check Results for Package RIIM

Last updated on 2025-04-30 04:50:17 CEST.

Flavor Version Tinstall Tcheck Ttotal Status Flags
r-devel-linux-x86_64-debian-clang 2.0.0 2.59 26.97 29.56 NOTE
r-devel-linux-x86_64-debian-gcc 2.0.0 1.80 22.15 23.95 OK
r-devel-linux-x86_64-fedora-clang 2.0.0 47.90 OK
r-devel-linux-x86_64-fedora-gcc 2.0.0 46.36 OK
r-devel-windows-x86_64 2.0.0 4.00 48.00 52.00 OK
r-patched-linux-x86_64 2.0.0 2.27 25.11 27.38 OK
r-release-linux-x86_64 2.0.0 2.07 25.52 27.59 OK
r-release-macos-arm64 2.0.0 18.00 OK
r-release-macos-x86_64 2.0.0 29.00 OK
r-release-windows-x86_64 2.0.0 4.00 45.00 49.00 OK
r-oldrel-macos-arm64 2.0.0 23.00 OK
r-oldrel-macos-x86_64 2.0.0 34.00 OK
r-oldrel-windows-x86_64 2.0.0 4.00 49.00 53.00 OK

Check Details

Version: 2.0.0
Check: examples
Result: NOTE Examples with CPU (user + system) or elapsed time > 5s user system elapsed IPPW 3.225 0.236 5.238 Flavor: r-devel-linux-x86_64-debian-clang