Last updated on 2025-04-30 04:50:17 CEST.
Flavor | Version | Tinstall | Tcheck | Ttotal | Status | Flags |
---|---|---|---|---|---|---|
r-devel-linux-x86_64-debian-clang | 1.0.7 | 45.26 | 265.50 | 310.76 | NOTE | |
r-devel-linux-x86_64-debian-gcc | 1.0.7 | 28.41 | 169.05 | 197.46 | NOTE | |
r-devel-linux-x86_64-fedora-clang | 1.0.7 | 513.85 | OK | |||
r-devel-linux-x86_64-fedora-gcc | 1.0.7 | 495.23 | OK | |||
r-devel-windows-x86_64 | 1.0.7 | 42.00 | 238.00 | 280.00 | OK | |
r-patched-linux-x86_64 | 1.0.7 | 44.38 | 248.77 | 293.15 | OK | |
r-release-linux-x86_64 | 1.0.7 | 42.49 | 247.02 | 289.51 | OK | |
r-release-macos-arm64 | 1.0.7 | 106.00 | OK | |||
r-release-macos-x86_64 | 1.0.7 | 140.00 | OK | |||
r-release-windows-x86_64 | 1.0.7 | 43.00 | 236.00 | 279.00 | OK | |
r-oldrel-macos-arm64 | 1.0.7 | 82.00 | OK | |||
r-oldrel-macos-x86_64 | 1.0.7 | 139.00 | OK | |||
r-oldrel-windows-x86_64 | 1.0.7 | 58.00 | 328.00 | 386.00 | OK |
Version: 1.0.7
Check: examples
Result: NOTE
Examples with CPU (user + system) or elapsed time > 5s
user system elapsed
semi.markov.3states.rsadd 7.078 0.018 9.629
Flavor: r-devel-linux-x86_64-debian-clang
Version: 1.0.7
Check: examples
Result: NOTE
Examples with CPU (user + system) or elapsed time > 5s
user system elapsed
semi.markov.3states.rsadd 3.529 0.067 5.565
Flavor: r-devel-linux-x86_64-debian-gcc