Last updated on 2025-04-30 04:50:17 CEST.
Flavor | Version | Tinstall | Tcheck | Ttotal | Status | Flags |
---|---|---|---|---|---|---|
r-devel-linux-x86_64-debian-clang | 2.3.0 | 7.23 | 43.02 | 50.25 | OK | |
r-devel-linux-x86_64-debian-gcc | 2.3.0 | 4.29 | 31.73 | 36.02 | OK | |
r-devel-linux-x86_64-fedora-clang | 2.3.0 | 73.66 | NOTE | |||
r-devel-linux-x86_64-fedora-gcc | 2.3.0 | 70.75 | NOTE | |||
r-devel-windows-x86_64 | 2.3.0 | 9.00 | 95.00 | 104.00 | OK | |
r-patched-linux-x86_64 | 2.3.0 | 8.13 | 39.16 | 47.29 | OK | |
r-release-linux-x86_64 | 2.3.0 | 4.79 | 39.94 | 44.73 | OK | |
r-release-macos-arm64 | 2.3.0 | 27.00 | OK | |||
r-release-macos-x86_64 | 2.3.0 | 48.00 | OK | |||
r-release-windows-x86_64 | 2.3.0 | 9.00 | 93.00 | 102.00 | OK | |
r-oldrel-macos-arm64 | 2.3.0 | 25.00 | OK | |||
r-oldrel-macos-x86_64 | 2.3.0 | 36.00 | OK | |||
r-oldrel-windows-x86_64 | 2.3.0 | 11.00 | 91.00 | 102.00 | OK |
Version: 2.3.0
Check: dependencies in R code
Result: NOTE
Namespace in Imports field not imported from: ‘httr’
All declared Imports should be used.
Flavors: r-devel-linux-x86_64-fedora-clang, r-devel-linux-x86_64-fedora-gcc