Last updated on 2025-04-30 04:50:17 CEST.
Flavor | Version | Tinstall | Tcheck | Ttotal | Status | Flags |
---|---|---|---|---|---|---|
r-devel-windows-x86_64 | 1.0.1 | 8.00 | 123.00 | 131.00 | OK | |
r-release-windows-x86_64 | 1.0.1 | 6.00 | 132.00 | 138.00 | OK | |
r-oldrel-windows-x86_64 | 1.0.1 | 8.00 | 150.00 | 158.00 | NOTE |
Version: 1.0.1
Check: LazyData
Result: NOTE
'LazyData' is specified without a 'data' directory
Flavor: r-oldrel-windows-x86_64