Last updated on 2025-04-30 04:50:17 CEST.
Flavor | Version | Tinstall | Tcheck | Ttotal | Status | Flags |
---|---|---|---|---|---|---|
r-devel-linux-x86_64-debian-clang | 0.2-10 | 5.16 | 37.37 | 42.53 | NOTE | |
r-devel-linux-x86_64-debian-gcc | 0.2-10 | 3.46 | 27.50 | 30.96 | NOTE | |
r-devel-linux-x86_64-fedora-clang | 0.2-10 | 65.47 | NOTE | |||
r-devel-linux-x86_64-fedora-gcc | 0.2-10 | 62.33 | NOTE | |||
r-devel-windows-x86_64 | 0.2-10 | 5.00 | 58.00 | 63.00 | OK | |
r-patched-linux-x86_64 | 0.2-10 | 5.22 | 35.79 | 41.01 | NOTE | |
r-release-linux-x86_64 | 0.2-10 | 3.90 | 35.64 | 39.54 | NOTE | |
r-release-macos-arm64 | 0.2-10 | 26.00 | NOTE | |||
r-release-macos-x86_64 | 0.2-10 | 41.00 | NOTE | |||
r-release-windows-x86_64 | 0.2-10 | 6.00 | 61.00 | 67.00 | OK | |
r-oldrel-macos-arm64 | 0.2-10 | 22.00 | NOTE | |||
r-oldrel-macos-x86_64 | 0.2-10 | 35.00 | NOTE | |||
r-oldrel-windows-x86_64 | 0.2-10 | 6.00 | 65.00 | 71.00 | OK |
Version: 0.2-10
Check: CRAN incoming feasibility
Result: NOTE
Maintainer: ‘Simon Urbanek <Simon.Urbanek@r-project.org>’
No Authors@R field in DESCRIPTION.
Please add one, modifying
Authors@R: person(given = "Simon",
family = "Urbanek",
role = c("aut", "cre"),
email = "Simon.Urbanek@r-project.org")
as necessary.
Flavors: r-devel-linux-x86_64-debian-clang, r-devel-linux-x86_64-debian-gcc
Version: 0.2-10
Check: DESCRIPTION meta-information
Result: NOTE
License stub is invalid DCF.
Flavors: r-devel-linux-x86_64-debian-clang, r-devel-linux-x86_64-debian-gcc, r-patched-linux-x86_64, r-release-linux-x86_64, r-release-macos-arm64, r-release-macos-x86_64, r-oldrel-macos-arm64, r-oldrel-macos-x86_64
Version: 0.2-10
Check: DESCRIPTION meta-information
Result: NOTE
Licence stub is invalid DCF.
Flavors: r-devel-linux-x86_64-fedora-clang, r-devel-linux-x86_64-fedora-gcc