CRAN Package Check Results for Package RJDemetra

Last updated on 2025-04-30 04:50:17 CEST.

Flavor Version Tinstall Tcheck Ttotal Status Flags
r-devel-linux-x86_64-debian-clang 0.2.8 10.47 80.60 91.07 NOTE
r-devel-linux-x86_64-debian-gcc 0.2.8 7.31 55.06 62.37 OK
r-devel-linux-x86_64-fedora-clang 0.2.8 140.63 OK
r-devel-linux-x86_64-fedora-gcc 0.2.8 134.88 OK
r-devel-windows-x86_64 0.2.8 10.00 92.00 102.00 OK
r-patched-linux-x86_64 0.2.8 11.51 74.62 86.13 OK
r-release-linux-x86_64 0.2.8 11.23 76.16 87.39 OK
r-release-macos-arm64 0.2.8 38.00 OK
r-release-macos-x86_64 0.2.8 72.00 OK
r-release-windows-x86_64 0.2.8 11.00 98.00 109.00 OK
r-oldrel-macos-arm64 0.2.8 41.00 NOTE
r-oldrel-macos-x86_64 0.2.8 94.00 NOTE
r-oldrel-windows-x86_64 0.2.8 11.00 108.00 119.00 NOTE

Check Details

Version: 0.2.8
Check: examples
Result: NOTE Examples with CPU (user + system) or elapsed time > 5s user system elapsed jSA 6.038 0.269 4.836 Flavor: r-devel-linux-x86_64-debian-clang

Version: 0.2.8
Check: installed package size
Result: NOTE installed size is 5.1Mb sub-directories of 1Mb or more: java 4.2Mb Flavors: r-oldrel-macos-arm64, r-oldrel-macos-x86_64, r-oldrel-windows-x86_64