Last updated on 2025-04-30 04:50:17 CEST.
Flavor | Version | Tinstall | Tcheck | Ttotal | Status | Flags |
---|---|---|---|---|---|---|
r-devel-linux-x86_64-debian-clang | 1.3.4 | 98.32 | 351.69 | 450.01 | NOTE | |
r-devel-linux-x86_64-debian-gcc | 1.3.4 | 55.18 | 247.27 | 302.45 | NOTE | |
r-devel-linux-x86_64-fedora-clang | 1.3.4 | 796.75 | NOTE | |||
r-devel-linux-x86_64-fedora-gcc | 1.3.4 | 753.95 | NOTE | |||
r-devel-windows-x86_64 | 1.3.4 | 106.00 | 482.00 | 588.00 | OK | |
r-patched-linux-x86_64 | 1.3.4 | 90.20 | 336.68 | 426.88 | OK | |
r-release-linux-x86_64 | 1.3.4 | 90.28 | 335.85 | 426.13 | OK | |
r-release-macos-arm64 | 1.3.4 | 270.00 | OK | |||
r-release-macos-x86_64 | 1.3.4 | 469.00 | OK | |||
r-release-windows-x86_64 | 1.3.4 | 96.00 | 453.00 | 549.00 | OK | |
r-oldrel-macos-arm64 | 1.3.4 | 256.00 | NOTE | |||
r-oldrel-macos-x86_64 | 1.3.4 | 374.00 | NOTE | |||
r-oldrel-windows-x86_64 | 1.3.4 | 122.00 | 570.00 | 692.00 | NOTE |
Version: 1.3.4
Check: examples
Result: NOTE
Examples with CPU (user + system) or elapsed time > 5s
user system elapsed
ANR-F 7.695 0.400 8.256
ABB-IEP-FS 6.772 0.348 8.165
Alcalaetal-A 6.422 0.320 9.419
Nominal2Binary-TR 6.410 0.197 7.439
GANN-C 5.786 0.140 5.889
CART-R 5.498 0.418 7.626
AllPosible-MV 5.249 0.284 7.036
Relief-FS 5.238 0.275 5.940
SSGA-Integer-knn-FS 5.251 0.155 6.170
UniformFrequency-D 5.118 0.275 6.570
Bayesian-D 5.055 0.289 7.274
ID3-D 5.103 0.115 6.742
CleanAttributes-TR 5.049 0.153 7.337
Apriori-A 4.883 0.314 6.918
KMeans-MV 4.991 0.197 5.656
UniformWidth-D 5.013 0.169 6.062
ZScore-TR 5.050 0.111 6.019
Proportional-D 4.922 0.177 6.191
MostCommon-MV 4.964 0.127 6.135
DecimalScaling-TR 4.986 0.104 7.105
KNN-MV 4.965 0.109 5.619
MinMax-TR 4.924 0.129 5.791
FPgrowth-A 4.804 0.226 6.763
Ignore-MV 4.847 0.122 5.528
ART-C 4.658 0.209 5.583
FuzzyApriori-A 4.651 0.164 6.759
ID3-C 4.663 0.145 5.109
RISE-C 4.639 0.157 5.712
Eclat-A 4.603 0.189 6.205
GeneticFuzzyApriori-A 4.558 0.210 5.407
SFS-IEP-FS 4.593 0.129 5.052
GeneticFuzzyAprioriDC-A 4.395 0.189 5.165
NB-C 4.125 0.171 5.561
runCV 0.443 0.008 6.665
runSequential 0.112 0.013 5.279
Flavor: r-devel-linux-x86_64-debian-clang
Version: 1.3.4
Check: examples
Result: NOTE
Examples with CPU (user + system) or elapsed time > 5s
user system elapsed
ANR-F 5.038 0.239 4.875
Alcalaetal-A 4.231 0.330 5.551
GANN-C 4.210 0.153 5.097
ABB-IEP-FS 3.968 0.303 5.470
runCV 0.242 0.007 5.639
Flavor: r-devel-linux-x86_64-debian-gcc
Version: 1.3.4
Check: dependencies in R code
Result: NOTE
Namespaces in Imports field not imported from:
‘Matrix’ ‘arules’ ‘pmml’ ‘rJava’
All declared Imports should be used.
Flavors: r-devel-linux-x86_64-fedora-clang, r-devel-linux-x86_64-fedora-gcc
Version: 1.3.4
Check: installed package size
Result: NOTE
installed size is 28.3Mb
sub-directories of 1Mb or more:
R 4.0Mb
exe 23.8Mb
Flavors: r-oldrel-macos-arm64, r-oldrel-macos-x86_64, r-oldrel-windows-x86_64