Last updated on 2025-02-22 05:51:49 CET.
Flavor | Version | Tinstall | Tcheck | Ttotal | Status | Flags |
---|---|---|---|---|---|---|
r-devel-linux-x86_64-debian-clang | 1.1 | 201.36 | 27.80 | 229.16 | OK | |
r-devel-linux-x86_64-debian-gcc | 1.1 | 146.46 | 34.38 | 180.84 | OK | |
r-devel-linux-x86_64-fedora-clang | 1.1 | 399.13 | OK | |||
r-devel-linux-x86_64-fedora-gcc | 1.1 | 440.01 | OK | |||
r-devel-macos-arm64 | 1.1 | 76.00 | OK | |||
r-devel-macos-x86_64 | 1.1 | 90.00 | OK | |||
r-devel-windows-x86_64 | 1.1 | 170.00 | 94.00 | 264.00 | OK | |
r-patched-linux-x86_64 | 1.1 | 205.28 | 42.33 | 247.61 | OK | |
r-release-linux-x86_64 | 1.1 | 197.94 | 42.21 | 240.15 | OK | |
r-release-macos-arm64 | 1.1 | 78.00 | NOTE | |||
r-release-macos-x86_64 | 1.1 | 78.00 | NOTE | |||
r-release-windows-x86_64 | 1.1 | 170.00 | 89.00 | 259.00 | OK | |
r-oldrel-macos-arm64 | 1.1 | 99.00 | NOTE | |||
r-oldrel-macos-x86_64 | 1.1 | 154.00 | NOTE | |||
r-oldrel-windows-x86_64 | 1.1 | 206.00 | 103.00 | 309.00 | OK |
Version: 1.1
Check: installed package size
Result: NOTE
installed size is 27.8Mb
sub-directories of 1Mb or more:
libs 27.7Mb
Flavors: r-release-macos-arm64, r-release-macos-x86_64, r-oldrel-macos-arm64, r-oldrel-macos-x86_64