CRAN Package Check Results for Package RLescalation

Last updated on 2025-07-05 04:50:24 CEST.

Flavor Version Tinstall Tcheck Ttotal Status Flags
r-devel-linux-x86_64-debian-clang 1.0.2 4.10 29.56 33.66 OK
r-devel-linux-x86_64-debian-gcc 1.0.2 2.45 24.40 26.85 OK
r-devel-linux-x86_64-fedora-clang 1.0.2 51.64 OK
r-devel-linux-x86_64-fedora-gcc 1.0.2 62.97 OK
r-devel-windows-x86_64 1.0.2 4.00 50.00 54.00 OK
r-patched-linux-x86_64 1.0.2 4.15 26.87 31.02 OK
r-release-linux-x86_64 1.0.2 3.43 26.83 30.26 OK
r-release-macos-arm64 1.0.2 27.00 OK
r-release-macos-x86_64 1.0.2 67.00 OK
r-release-windows-x86_64 1.0.2 5.00 55.00 60.00 OK
r-oldrel-macos-arm64 1.0.2 28.00 OK
r-oldrel-macos-x86_64 1.0.2 94.00 OK
r-oldrel-windows-x86_64 1.0.2 7.00 62.00 69.00 ERROR

Check Details

Version: 1.0.2
Check: re-building of vignette outputs
Result: ERROR Error(s) in re-building vignettes: --- re-building 'RLescalation.Rmd' using rmarkdown File man/figures/logo.png not found in resource path Error: processing vignette 'RLescalation.Rmd' failed with diagnostics: pandoc document conversion failed with error 99 --- failed re-building 'RLescalation.Rmd' SUMMARY: processing the following file failed: 'RLescalation.Rmd' Error: Vignette re-building failed. Execution halted Flavor: r-oldrel-windows-x86_64